Last updated on 2025-10-22 11:51:07 CEST.
Flavor | Version | Tinstall | Tcheck | Ttotal | Status | Flags |
---|---|---|---|---|---|---|
r-devel-linux-x86_64-debian-clang | 0.1.1.3 | 8.24 | 61.68 | 69.92 | NOTE | |
r-devel-linux-x86_64-debian-gcc | 0.1.1.3 | 4.88 | 45.06 | 49.94 | NOTE | |
r-devel-linux-x86_64-fedora-clang | 0.1.1.3 | 20.00 | 92.64 | 112.64 | OK | |
r-devel-linux-x86_64-fedora-gcc | 0.1.1.3 | 16.00 | 84.20 | 100.20 | OK | |
r-devel-windows-x86_64 | 0.1.1.3 | 9.00 | 70.00 | 79.00 | OK | |
r-patched-linux-x86_64 | 0.1.1.3 | 8.64 | 57.36 | 66.00 | OK | |
r-release-linux-x86_64 | 0.1.1.3 | 7.56 | 57.63 | 65.19 | OK | |
r-release-macos-arm64 | 0.1.1.3 | 3.00 | 23.00 | 26.00 | OK | |
r-release-macos-x86_64 | 0.1.1.3 | 5.00 | 43.00 | 48.00 | OK | |
r-release-windows-x86_64 | 0.1.1.3 | 12.00 | 71.00 | 83.00 | OK | |
r-oldrel-macos-arm64 | 0.1.1.3 | 3.00 | 19.00 | 22.00 | OK | |
r-oldrel-macos-x86_64 | 0.1.1.3 | 4.00 | 33.00 | 37.00 | OK | |
r-oldrel-windows-x86_64 | 0.1.1.3 | 11.00 | 89.00 | 100.00 | OK |
Version: 0.1.1.3
Check: HTML version of manual
Result: NOTE
Found the following HTML validation problems:
createCategorisedVar.html:56:1 (createCategorisedVar.Rd:15): Warning: missing </ul> before </div>
createSurvVar.html:62:1 (createSurvVar.Rd:19): Warning: missing </ul> before </div>
importCodes.html:51:1 (importCodes.Rd:12): Warning: missing </ul> before </div>
Flavors: r-devel-linux-x86_64-debian-clang, r-devel-linux-x86_64-debian-gcc