CRAN Package Check Results for Package extendedFamily

Last updated on 2025-10-22 23:49:55 CEST.

Flavor Version Tinstall Tcheck Ttotal Status Flags
r-devel-linux-x86_64-debian-clang 0.2.4 1.51 22.36 23.87 NOTE
r-devel-linux-x86_64-debian-gcc 0.2.4 1.23 18.60 19.83 NOTE
r-devel-linux-x86_64-fedora-clang 0.2.4 34.96 OK
r-devel-linux-x86_64-fedora-gcc 0.2.4 32.19 OK
r-devel-windows-x86_64 0.2.4 3.00 40.00 43.00 OK
r-patched-linux-x86_64 0.2.4 1.74 19.97 21.71 OK
r-release-linux-x86_64 0.2.4 1.73 19.78 21.51 OK
r-release-macos-arm64 0.2.4 1.00 16.00 17.00 OK
r-release-macos-x86_64 0.2.4 2.00 23.00 25.00 OK
r-release-windows-x86_64 0.2.4 4.00 41.00 45.00 OK
r-oldrel-macos-arm64 0.2.4 1.00 14.00 15.00 OK
r-oldrel-macos-x86_64 0.2.4 2.00 26.00 28.00 OK
r-oldrel-windows-x86_64 0.2.4 3.00 48.00 51.00 OK

Check Details

Version: 0.2.4
Check: CRAN incoming feasibility
Result: NOTE Maintainer: ‘Greg McMahan <gmcmacran@gmail.com>’ No Authors@R field in DESCRIPTION. Please add one, modifying Authors@R: person(given = "Greg", family = "McMahan", role = c("aut", "cre"), email = "gmcmacran@gmail.com") as necessary. Flavors: r-devel-linux-x86_64-debian-clang, r-devel-linux-x86_64-debian-gcc