Last updated on 2025-10-21 17:49:47 CEST.
Flavor | Version | Tinstall | Tcheck | Ttotal | Status | Flags |
---|---|---|---|---|---|---|
r-devel-linux-x86_64-debian-clang | 1.10.0 | 236.28 | 79.36 | 315.64 | NOTE | |
r-devel-linux-x86_64-debian-gcc | 1.10.0 | 175.40 | 53.78 | 229.18 | NOTE | |
r-devel-linux-x86_64-fedora-clang | 1.10.0 | 720.00 | -65.25 | 654.75 | OK | |
r-devel-linux-x86_64-fedora-gcc | 1.10.0 | 551.00 | 72.60 | 623.60 | OK | |
r-devel-windows-x86_64 | 1.10.0 | 295.00 | 130.00 | 425.00 | OK | |
r-patched-linux-x86_64 | 1.10.0 | 241.07 | 76.45 | 317.52 | OK | |
r-release-linux-x86_64 | 1.10.0 | 242.57 | 76.78 | 319.35 | OK | |
r-release-macos-arm64 | 1.10.0 | 85.00 | 42.00 | 127.00 | OK | |
r-release-macos-x86_64 | 1.10.0 | 77.00 | 70.00 | 147.00 | OK | |
r-release-windows-x86_64 | 1.10.0 | 271.00 | 131.00 | 402.00 | OK | |
r-oldrel-macos-arm64 | 1.10.0 | 84.00 | 46.00 | 130.00 | NOTE | |
r-oldrel-macos-x86_64 | 1.10.0 | 78.00 | 55.00 | 133.00 | NOTE | |
r-oldrel-windows-x86_64 | 1.10.0 | 280.00 | 172.00 | 452.00 | OK |
Version: 1.10.0
Check: CRAN incoming feasibility
Result: NOTE
Maintainer: ‘Tymoteusz Wolodzko <twolodzko+extraDistr@gmail.com>’
No Authors@R field in DESCRIPTION.
Please add one, modifying
Authors@R: person(given = "Tymoteusz",
family = "Wolodzko",
role = c("aut", "cre"),
email = "twolodzko+extradistr@gmail.com")
as necessary.
Flavors: r-devel-linux-x86_64-debian-clang, r-devel-linux-x86_64-debian-gcc
Version: 1.10.0
Check: HTML version of manual
Result: NOTE
Found the following HTML validation problems:
Rademacher.html:48:1 (Rademacher.Rd:12): Warning: missing </ul> before </div>
Flavors: r-devel-linux-x86_64-debian-clang, r-devel-linux-x86_64-debian-gcc
Version: 1.10.0
Check: installed package size
Result: NOTE
installed size is 13.6Mb
sub-directories of 1Mb or more:
libs 13.0Mb
Flavors: r-oldrel-macos-arm64, r-oldrel-macos-x86_64