Last updated on 2025-10-21 17:49:47 CEST.
Flavor | Version | Tinstall | Tcheck | Ttotal | Status | Flags |
---|---|---|---|---|---|---|
r-devel-linux-x86_64-debian-clang | 0.8.2 | 9.37 | 214.75 | 224.12 | NOTE | |
r-devel-linux-x86_64-debian-gcc | 0.8.2 | 6.32 | 146.24 | 152.56 | NOTE | |
r-devel-linux-x86_64-fedora-clang | 0.8.2 | 30.00 | 313.30 | 343.30 | OK | |
r-devel-linux-x86_64-fedora-gcc | 0.8.2 | 17.00 | 314.96 | 331.96 | OK | |
r-devel-windows-x86_64 | 0.8.2 | 10.00 | 196.00 | 206.00 | OK | |
r-patched-linux-x86_64 | 0.8.2 | 7.94 | 201.36 | 209.30 | OK | |
r-release-linux-x86_64 | 0.8.2 | 8.93 | 200.73 | 209.66 | OK | |
r-release-macos-arm64 | 0.8.2 | 3.00 | 69.00 | 72.00 | OK | |
r-release-macos-x86_64 | 0.8.2 | 7.00 | 143.00 | 150.00 | OK | |
r-release-windows-x86_64 | 0.8.2 | 12.00 | 192.00 | 204.00 | OK | |
r-oldrel-macos-arm64 | 0.8.2 | 3.00 | 78.00 | 81.00 | OK | |
r-oldrel-macos-x86_64 | 0.8.2 | 7.00 | 151.00 | 158.00 | OK | |
r-oldrel-windows-x86_64 | 0.8.2 | 15.00 | 259.00 | 274.00 | OK |
Version: 0.8.2
Check: HTML version of manual
Result: NOTE
Found the following HTML validation problems:
ez_png.html:94:1 (ez_png.Rd:40): Warning: missing </ul> before </div>
ez_server.html:46:1 (ez_server.Rd:10): Warning: missing </ul> before </div>
ez_ui.html:46:1 (ez_ui.Rd:10): Warning: missing </ul> before </div>
get_incr.html:47:1 (get_incr.Rd:10): Warning: missing </ul> before </div>
quick_facet.html:55:1 (quick_facet.Rd:14): Warning: missing </ul> before </div>
save_png.html:70:1 (save_png.Rd:22): Warning: missing </ul> before </div>
Flavors: r-devel-linux-x86_64-debian-clang, r-devel-linux-x86_64-debian-gcc