Last updated on 2025-10-24 05:50:39 CEST.
| Flavor | Version | Tinstall | Tcheck | Ttotal | Status | Flags |
|---|---|---|---|---|---|---|
| r-devel-linux-x86_64-debian-clang | 1.4.2 | 27.97 | 182.22 | 210.19 | OK | |
| r-devel-linux-x86_64-debian-gcc | 1.4.2 | 20.54 | 131.19 | 151.73 | OK | |
| r-devel-linux-x86_64-fedora-clang | 1.4.2 | 75.00 | 260.72 | 335.72 | OK | |
| r-devel-linux-x86_64-fedora-gcc | 1.4.2 | 60.00 | 271.90 | 331.90 | OK | |
| r-devel-windows-x86_64 | 1.4.2 | 38.00 | 189.00 | 227.00 | OK | |
| r-patched-linux-x86_64 | 1.4.2 | 31.21 | 174.41 | 205.62 | OK | |
| r-release-linux-x86_64 | 1.4.2 | 29.24 | 172.57 | 201.81 | OK | |
| r-release-macos-arm64 | 1.4.2 | 14.00 | 70.00 | 84.00 | OK | |
| r-release-macos-x86_64 | 1.4.2 | 23.00 | 113.00 | 136.00 | OK | |
| r-release-windows-x86_64 | 1.4.2 | 39.00 | 184.00 | 223.00 | OK | |
| r-oldrel-macos-arm64 | 1.4.2 | 16.00 | 124.00 | 140.00 | NOTE | |
| r-oldrel-macos-x86_64 | 1.4.2 | 21.00 | 108.00 | 129.00 | NOTE | |
| r-oldrel-windows-x86_64 | 1.4.2 | 46.00 | 249.00 | 295.00 | NOTE |
Version: 1.4.2
Check: installed package size
Result: NOTE
installed size is 6.1Mb
sub-directories of 1Mb or more:
data 2.1Mb
doc 1.1Mb
libs 1.2Mb
Flavors: r-oldrel-macos-arm64, r-oldrel-macos-x86_64, r-oldrel-windows-x86_64