Last updated on 2025-10-22 17:49:38 CEST.
Flavor | Version | Tinstall | Tcheck | Ttotal | Status | Flags |
---|---|---|---|---|---|---|
r-devel-linux-x86_64-debian-clang | 4023.84 | 24.17 | 152.54 | 176.71 | NOTE | |
r-devel-linux-x86_64-debian-gcc | 4023.84 | 16.18 | 102.49 | 118.67 | NOTE | |
r-devel-linux-x86_64-fedora-clang | 4023.84 | 108.00 | 185.68 | 293.68 | OK | |
r-devel-linux-x86_64-fedora-gcc | 4023.84 | 51.00 | 209.72 | 260.72 | OK | |
r-devel-windows-x86_64 | 4023.84 | 25.00 | 144.00 | 169.00 | OK | |
r-patched-linux-x86_64 | 4023.84 | 24.80 | 145.07 | 169.87 | OK | |
r-release-linux-x86_64 | 4023.84 | 21.46 | 146.00 | 167.46 | OK | |
r-release-macos-arm64 | 4023.84 | 10.00 | 65.00 | 75.00 | OK | |
r-release-macos-x86_64 | 4023.84 | 25.00 | 128.00 | 153.00 | OK | |
r-release-windows-x86_64 | 4023.84 | 26.00 | 142.00 | 168.00 | OK | |
r-oldrel-macos-arm64 | 4023.84 | 9.00 | 54.00 | 63.00 | NOTE | |
r-oldrel-macos-x86_64 | 4023.84 | 18.00 | 88.00 | 106.00 | NOTE | |
r-oldrel-windows-x86_64 | 4023.84 | 35.00 | 194.00 | 229.00 | OK |
Version: 4023.84
Check: HTML version of manual
Result: NOTE
Found the following HTML validation problems:
nlminb2Control.html:111:1 (nlminb2Control.Rd:63): Warning: missing </ul> before </div>
Flavors: r-devel-linux-x86_64-debian-clang, r-devel-linux-x86_64-debian-gcc
Version: 4023.84
Check: package dependencies
Result: NOTE
Package suggested but not available for checking: ‘bcp’
Flavors: r-oldrel-macos-arm64, r-oldrel-macos-x86_64