Last updated on 2025-10-24 05:50:38 CEST.
| Flavor | Version | Tinstall | Tcheck | Ttotal | Status | Flags |
|---|---|---|---|---|---|---|
| r-devel-linux-x86_64-debian-clang | 1.0.4 | 2.04 | 31.11 | 33.15 | NOTE | |
| r-devel-linux-x86_64-debian-gcc | 1.0.4 | 1.92 | 25.42 | 27.34 | NOTE | |
| r-devel-linux-x86_64-fedora-clang | 1.0.4 | 50.85 | OK | |||
| r-devel-linux-x86_64-fedora-gcc | 1.0.4 | 61.03 | OK | |||
| r-devel-windows-x86_64 | 1.0.4 | 4.00 | 52.00 | 56.00 | OK | |
| r-patched-linux-x86_64 | 1.0.4 | 2.44 | 28.64 | 31.08 | OK | |
| r-release-linux-x86_64 | 1.0.4 | 2.31 | 28.54 | 30.85 | OK | |
| r-release-macos-arm64 | 1.0.4 | 2.00 | 38.00 | 40.00 | OK | |
| r-release-macos-x86_64 | 1.0.4 | 3.00 | 58.00 | 61.00 | OK | |
| r-release-windows-x86_64 | 1.0.4 | 4.00 | 51.00 | 55.00 | OK | |
| r-oldrel-macos-arm64 | 1.0.4 | 1.00 | 25.00 | 26.00 | OK | |
| r-oldrel-macos-x86_64 | 1.0.4 | 2.00 | 34.00 | 36.00 | OK | |
| r-oldrel-windows-x86_64 | 1.0.4 | 5.00 | 59.00 | 64.00 | OK |
Version: 1.0.4
Check: CRAN incoming feasibility
Result: NOTE
Maintainer: ‘Elizabeth Bersson <elizabeth.bersson@duke.edu>’
The Description field contains
<arXiv:2204.08122> "Optimal Conformal Prediction for Small Areas".
Please refer to arXiv e-prints via their arXiv DOI <doi:10.48550/arXiv.YYMM.NNNNN>.
Flavors: r-devel-linux-x86_64-debian-clang, r-devel-linux-x86_64-debian-gcc