Last updated on 2025-10-22 11:51:07 CEST.
Flavor | Version | Tinstall | Tcheck | Ttotal | Status | Flags |
---|---|---|---|---|---|---|
r-devel-linux-x86_64-debian-clang | 0.4.1 | 26.61 | 191.73 | 218.34 | NOTE | |
r-devel-linux-x86_64-debian-gcc | 0.4.1 | 18.25 | 131.36 | 149.61 | NOTE | |
r-devel-linux-x86_64-fedora-clang | 0.4.1 | 74.00 | 287.75 | 361.75 | OK | |
r-devel-linux-x86_64-fedora-gcc | 0.4.1 | 47.00 | 294.39 | 341.39 | OK | |
r-devel-windows-x86_64 | 0.4.1 | 29.00 | 225.00 | 254.00 | OK | |
r-patched-linux-x86_64 | 0.4.1 | 24.29 | 182.14 | 206.43 | OK | |
r-release-linux-x86_64 | 0.4.1 | 25.15 | 181.55 | 206.70 | OK | |
r-release-macos-arm64 | 0.4.1 | 10.00 | 76.00 | 86.00 | OK | |
r-release-macos-x86_64 | 0.4.1 | 20.00 | 164.00 | 184.00 | OK | |
r-release-windows-x86_64 | 0.4.1 | 32.00 | 228.00 | 260.00 | OK | |
r-oldrel-macos-arm64 | 0.4.1 | 11.00 | 84.00 | 95.00 | OK | |
r-oldrel-macos-x86_64 | 0.4.1 | 17.00 | 139.00 | 156.00 | OK | |
r-oldrel-windows-x86_64 | 0.4.1 | 38.00 | 287.00 | 325.00 | OK |
Version: 0.4.1
Check: HTML version of manual
Result: NOTE
Found the following HTML validation problems:
IRF.ARIMA.html:59:1 (IRF.ARIMA.Rd:16): Warning: missing </ul> before </div>
IRF.VAR.html:70:1 (IRF.VAR.Rd:20): Warning: missing </ul> before </div>
IRF.VECM.html:70:1 (IRF.VECM.Rd:20): Warning: missing </ul> before </div>
common_xregs.html:113:1 (common_xregs.Rd:51): Warning: missing </ul> before </div>
Flavors: r-devel-linux-x86_64-debian-clang, r-devel-linux-x86_64-debian-gcc