Last updated on 2025-10-22 23:49:55 CEST.
Flavor | Version | Tinstall | Tcheck | Ttotal | Status | Flags |
---|---|---|---|---|---|---|
r-devel-linux-x86_64-debian-clang | 1.3 | 2.42 | 26.15 | 28.57 | NOTE | |
r-devel-linux-x86_64-debian-gcc | 1.3 | 1.86 | 20.78 | 22.64 | NOTE | |
r-devel-linux-x86_64-fedora-clang | 1.3 | 44.02 | OK | |||
r-devel-linux-x86_64-fedora-gcc | 1.3 | 40.25 | OK | |||
r-devel-windows-x86_64 | 1.3 | 3.00 | 43.00 | 46.00 | OK | |
r-patched-linux-x86_64 | 1.3 | 2.52 | 23.99 | 26.51 | OK | |
r-release-linux-x86_64 | 1.3 | 2.45 | 24.63 | 27.08 | OK | |
r-release-macos-arm64 | 1.3 | 1.00 | 18.00 | 19.00 | OK | |
r-release-macos-x86_64 | 1.3 | 2.00 | 26.00 | 28.00 | OK | |
r-release-windows-x86_64 | 1.3 | 3.00 | 45.00 | 48.00 | OK | |
r-oldrel-macos-arm64 | 1.3 | 2.00 | 16.00 | 18.00 | OK | |
r-oldrel-macos-x86_64 | 1.3 | 2.00 | 23.00 | 25.00 | OK | |
r-oldrel-windows-x86_64 | 1.3 | 4.00 | 53.00 | 57.00 | OK |
Version: 1.3
Check: CRAN incoming feasibility
Result: NOTE
Maintainer: ‘Michel Lang <michellang@gmail.com>’
No Authors@R field in DESCRIPTION.
Please add one, modifying
Authors@R: person(given = "Michel",
family = "Lang",
role = c("aut", "cre"),
email = "michellang@gmail.com")
as necessary.
Flavors: r-devel-linux-x86_64-debian-clang, r-devel-linux-x86_64-debian-gcc