Last updated on 2025-10-22 11:51:07 CEST.
Flavor | Version | Tinstall | Tcheck | Ttotal | Status | Flags |
---|---|---|---|---|---|---|
r-devel-linux-x86_64-debian-clang | 0.4.0 | 15.89 | 177.71 | 193.60 | NOTE | |
r-devel-linux-x86_64-debian-gcc | 0.4.0 | 12.11 | 122.09 | 134.20 | NOTE | |
r-devel-linux-x86_64-fedora-clang | 0.4.0 | 102.00 | 221.07 | 323.07 | OK | |
r-devel-linux-x86_64-fedora-gcc | 0.4.0 | 33.00 | 267.64 | 300.64 | OK | |
r-devel-windows-x86_64 | 0.4.0 | 18.00 | 173.00 | 191.00 | OK | |
r-patched-linux-x86_64 | 0.4.0 | 15.05 | 168.60 | 183.65 | OK | |
r-release-linux-x86_64 | 0.4.0 | 15.49 | 164.80 | 180.29 | OK | |
r-release-macos-arm64 | 0.4.0 | 6.00 | 69.00 | 75.00 | OK | |
r-release-macos-x86_64 | 0.4.0 | 11.00 | 100.00 | 111.00 | OK | |
r-release-windows-x86_64 | 0.4.0 | 17.00 | 174.00 | 191.00 | OK | |
r-oldrel-macos-arm64 | 0.4.0 | 6.00 | 71.00 | 77.00 | OK | |
r-oldrel-macos-x86_64 | 0.4.0 | 9.00 | 96.00 | 105.00 | OK | |
r-oldrel-windows-x86_64 | 0.4.0 | 24.00 | 223.00 | 247.00 | OK |
Version: 0.4.0
Check: HTML version of manual
Result: NOTE
Found the following HTML validation problems:
pspline_setting.html:75:1 (pspline_setting.Rd:27): Warning: missing </ul> before </div>
select_knots.html:61:1 (select_knots.Rd:18): Warning: missing </ul> before </div>
Flavors: r-devel-linux-x86_64-debian-clang, r-devel-linux-x86_64-debian-gcc