Last updated on 2025-10-21 11:53:23 CEST.
Flavor | Version | Tinstall | Tcheck | Ttotal | Status | Flags |
---|---|---|---|---|---|---|
r-devel-linux-x86_64-debian-clang | 0.2.1 | 26.52 | 210.98 | 237.50 | NOTE | |
r-devel-linux-x86_64-debian-gcc | 0.2.1 | 16.92 | 128.11 | 145.03 | NOTE | |
r-devel-linux-x86_64-fedora-clang | 0.2.1 | 399.30 | OK | |||
r-devel-linux-x86_64-fedora-gcc | 0.2.1 | 58.00 | 308.60 | 366.60 | OK | |
r-devel-windows-x86_64 | 0.2.1 | 25.00 | 170.00 | 195.00 | OK | |
r-patched-linux-x86_64 | 0.2.1 | 26.67 | 197.66 | 224.33 | OK | |
r-release-linux-x86_64 | 0.2.1 | 23.31 | 197.68 | 220.99 | OK | |
r-release-macos-arm64 | 0.2.1 | 76.00 | OK | |||
r-release-macos-x86_64 | 0.2.1 | 28.00 | 196.00 | 224.00 | OK | |
r-release-windows-x86_64 | 0.2.1 | 26.00 | 168.00 | 194.00 | OK | |
r-oldrel-macos-arm64 | 0.2.1 | 83.00 | OK | |||
r-oldrel-macos-x86_64 | 0.2.1 | 202.00 | OK | |||
r-oldrel-windows-x86_64 | 0.2.1 | 35.00 | 234.00 | 269.00 | OK |
Version: 0.2.1
Check: HTML version of manual
Result: NOTE
Found the following HTML validation problems:
get_window.html:54:1 (get_window.Rd:14): Warning: missing </ul> before </div>
Flavors: r-devel-linux-x86_64-debian-clang, r-devel-linux-x86_64-debian-gcc