CRAN Package Check Results for Package fastmap

Last updated on 2025-10-22 05:51:08 CEST.

Flavor Version Tinstall Tcheck Ttotal Status Flags
r-devel-linux-x86_64-debian-clang 1.2.0 4.60 33.24 37.84 NOTE
r-devel-linux-x86_64-debian-gcc 1.2.0 3.79 24.17 27.96 NOTE
r-devel-linux-x86_64-fedora-clang 1.2.0 16.00 46.08 62.08 OK
r-devel-linux-x86_64-fedora-gcc 1.2.0 14.00 43.52 57.52 OK
r-devel-windows-x86_64 1.2.0 10.00 54.00 64.00 OK
r-patched-linux-x86_64 1.2.0 5.26 29.01 34.27 OK
r-release-linux-x86_64 1.2.0 4.08 29.44 33.52 OK
r-release-macos-arm64 1.2.0 4.00 19.00 23.00 OK
r-release-macos-x86_64 1.2.0 6.00 32.00 38.00 OK
r-release-windows-x86_64 1.2.0 10.00 55.00 65.00 OK
r-oldrel-macos-arm64 1.2.0 4.00 34.00 38.00 OK
r-oldrel-macos-x86_64 1.2.0 5.00 28.00 33.00 OK
r-oldrel-windows-x86_64 1.2.0 12.00 68.00 80.00 OK

Check Details

Version: 1.2.0
Check: HTML version of manual
Result: NOTE Found the following HTML validation problems: key_missing.html:48:1 (key_missing.Rd:13): Warning: missing </ul> before </div> Flavors: r-devel-linux-x86_64-debian-clang, r-devel-linux-x86_64-debian-gcc