Last updated on 2025-10-22 05:51:09 CEST.
Flavor | Version | Tinstall | Tcheck | Ttotal | Status | Flags |
---|---|---|---|---|---|---|
r-devel-linux-x86_64-debian-clang | 0.6.1 | 71.29 | 31.00 | 102.29 | OK | |
r-devel-linux-x86_64-debian-gcc | 0.6.1 | 51.50 | 22.42 | 73.92 | OK | |
r-devel-linux-x86_64-fedora-clang | 0.6.1 | 197.00 | 2.72 | 199.72 | OK | |
r-devel-linux-x86_64-fedora-gcc | 0.6.1 | 131.00 | 57.58 | 188.58 | OK | |
r-devel-windows-x86_64 | 0.6.1 | 85.00 | 73.00 | 158.00 | OK | |
r-patched-linux-x86_64 | 0.6.1 | 73.63 | 29.61 | 103.24 | OK | |
r-release-linux-x86_64 | 0.6.1 | 76.08 | 29.47 | 105.55 | OK | |
r-release-macos-arm64 | 0.6.1 | 32.00 | 20.00 | 52.00 | OK | |
r-release-macos-x86_64 | 0.6.1 | 37.00 | 45.00 | 82.00 | OK | |
r-release-windows-x86_64 | 0.6.1 | 86.00 | 76.00 | 162.00 | OK | |
r-oldrel-macos-arm64 | 0.6.1 | 30.00 | 19.00 | 49.00 | NOTE | |
r-oldrel-macos-x86_64 | 0.6.1 | 35.00 | 26.00 | 61.00 | NOTE | |
r-oldrel-windows-x86_64 | 0.6.1 | 100.00 | 85.00 | 185.00 | OK |
Version: 0.6.1
Check: installed package size
Result: NOTE
installed size is 7.6Mb
sub-directories of 1Mb or more:
libs 7.5Mb
Flavors: r-oldrel-macos-arm64, r-oldrel-macos-x86_64