Last updated on 2025-10-23 05:51:53 CEST.
Flavor | Version | Tinstall | Tcheck | Ttotal | Status | Flags |
---|---|---|---|---|---|---|
r-devel-linux-x86_64-debian-clang | 0.2.1 | 7.54 | 46.59 | 54.13 | NOTE | |
r-devel-linux-x86_64-debian-gcc | 0.2.1 | 4.92 | 34.25 | 39.17 | NOTE | |
r-devel-linux-x86_64-fedora-clang | 0.2.1 | 31.00 | 59.71 | 90.71 | NOTE | |
r-devel-linux-x86_64-fedora-gcc | 0.2.1 | 16.00 | 75.08 | 91.08 | NOTE | |
r-devel-windows-x86_64 | 0.2.1 | 12.00 | 69.00 | 81.00 | NOTE | |
r-patched-linux-x86_64 | 0.2.1 | 8.29 | 43.08 | 51.37 | NOTE | |
r-release-linux-x86_64 | 0.2.1 | 6.68 | 42.80 | 49.48 | NOTE | |
r-release-macos-arm64 | 0.2.1 | 4.00 | 30.00 | 34.00 | NOTE | |
r-release-macos-x86_64 | 0.2.1 | 8.00 | 65.00 | 73.00 | NOTE | |
r-release-windows-x86_64 | 0.2.1 | 14.00 | 70.00 | 84.00 | NOTE | |
r-oldrel-macos-arm64 | 0.2.1 | 4.00 | 28.00 | 32.00 | NOTE | |
r-oldrel-macos-x86_64 | 0.2.1 | 7.00 | 52.00 | 59.00 | NOTE | |
r-oldrel-windows-x86_64 | 0.2.1 | 14.00 | 82.00 | 96.00 | NOTE |
Version: 0.2.1
Check: Rd files
Result: NOTE
checkRd: (-1) simulation_model9.Rd:47: Lost braces; missing escapes or markup?
47 | \item{ci}{A vector of 2 values containing $c_{1i}$ and $c_{2i}$ in the contamination
| ^
checkRd: (-1) simulation_model9.Rd:47: Lost braces; missing escapes or markup?
47 | \item{ci}{A vector of 2 values containing $c_{1i}$ and $c_{2i}$ in the contamination
| ^
Flavors: r-devel-linux-x86_64-debian-clang, r-devel-linux-x86_64-debian-gcc, r-devel-linux-x86_64-fedora-clang, r-devel-linux-x86_64-fedora-gcc, r-devel-windows-x86_64, r-patched-linux-x86_64, r-release-linux-x86_64, r-release-macos-arm64, r-release-macos-x86_64, r-release-windows-x86_64, r-oldrel-macos-arm64, r-oldrel-macos-x86_64, r-oldrel-windows-x86_64
Version: 0.2.1
Check: HTML version of manual
Result: NOTE
Found the following HTML validation problems:
plot_dtt.html:100:1 (plot_dtt.Rd:45): Warning: missing </ul> before </div>
Flavor: r-devel-linux-x86_64-debian-clang