CRAN Package Check Results for Package ff

Last updated on 2025-10-22 23:49:55 CEST.

Flavor Version Tinstall Tcheck Ttotal Status Flags
r-devel-linux-x86_64-debian-clang 4.5.2 39.97 102.42 142.39 NOTE
r-devel-linux-x86_64-debian-gcc 4.5.2 32.12 67.30 99.42 NOTE
r-devel-linux-x86_64-fedora-clang 4.5.2 86.00 135.93 221.93 NOTE
r-devel-linux-x86_64-fedora-gcc 4.5.2 108.00 121.10 229.10 NOTE
r-devel-windows-x86_64 4.5.2 53.00 130.00 183.00 NOTE
r-patched-linux-x86_64 4.5.2 46.52 95.12 141.64 NOTE
r-release-linux-x86_64 4.5.2 43.17 96.61 139.78 NOTE
r-release-macos-arm64 4.5.2 22.00 38.00 60.00 NOTE
r-release-macos-x86_64 4.5.2 65.00 101.00 166.00 NOTE
r-release-windows-x86_64 4.5.2 54.00 129.00 183.00 NOTE
r-oldrel-macos-arm64 4.5.2 23.00 39.00 62.00 OK
r-oldrel-macos-x86_64 4.5.2 44.00 83.00 127.00 OK
r-oldrel-windows-x86_64 4.5.2 59.00 158.00 217.00 NOTE

Check Details

Version: 4.5.2
Check: dependencies in R code
Result: NOTE Unexported object imported by a ':::' call: ‘bit:::R_bit_as_hi’ See the note in ?`:::` about the use of this operator. Flavors: r-devel-linux-x86_64-debian-clang, r-devel-linux-x86_64-debian-gcc, r-devel-linux-x86_64-fedora-clang, r-devel-linux-x86_64-fedora-gcc, r-devel-windows-x86_64, r-patched-linux-x86_64, r-release-linux-x86_64, r-release-macos-arm64, r-release-macos-x86_64, r-release-windows-x86_64, r-oldrel-windows-x86_64

Version: 4.5.2
Check: HTML version of manual
Result: NOTE Found the following HTML validation problems: Forbidden_ffdf.html:59:1 (Forbidden_ffdf.rd:24): Warning: missing </ul> before </div> Flavor: r-devel-linux-x86_64-debian-clang