Last updated on 2025-10-24 18:49:55 CEST.
| Flavor | Version | Tinstall | Tcheck | Ttotal | Status | Flags |
|---|---|---|---|---|---|---|
| r-devel-linux-x86_64-debian-clang | 0.1.2 | 4.90 | 36.68 | 41.58 | OK | |
| r-devel-linux-x86_64-debian-gcc | 0.1.2 | 4.29 | 29.37 | 33.66 | OK | |
| r-devel-linux-x86_64-fedora-clang | 0.1.2 | 11.00 | 55.11 | 66.11 | NOTE | |
| r-devel-linux-x86_64-fedora-gcc | 0.1.2 | 11.00 | 47.71 | 58.71 | NOTE | |
| r-devel-windows-x86_64 | 0.1.2 | 8.00 | 53.00 | 61.00 | OK | |
| r-patched-linux-x86_64 | 0.1.2 | 3.78 | 34.65 | 38.43 | OK | |
| r-release-linux-x86_64 | 0.1.2 | 4.72 | 34.14 | 38.86 | OK | |
| r-release-macos-arm64 | 0.1.2 | 4.00 | 25.00 | 29.00 | OK | |
| r-release-macos-x86_64 | 0.1.2 | 5.00 | 34.00 | 39.00 | OK | |
| r-release-windows-x86_64 | 0.1.2 | 10.00 | 53.00 | 63.00 | OK | |
| r-oldrel-macos-arm64 | 0.1.2 | 3.00 | 19.00 | 22.00 | OK | |
| r-oldrel-macos-x86_64 | 0.1.2 | 4.00 | 29.00 | 33.00 | OK | |
| r-oldrel-windows-x86_64 | 0.1.2 | 10.00 | 62.00 | 72.00 | OK |
Version: 0.1.2
Check: dependencies in R code
Result: NOTE
Namespaces in Imports field not imported from:
‘rclipboard’ ‘shinyBS’ ‘shinyWidgets’ ‘shinyjs’
All declared Imports should be used.
Flavors: r-devel-linux-x86_64-fedora-clang, r-devel-linux-x86_64-fedora-gcc