Last updated on 2024-05-26 21:49:16 CEST.
Flavor | Version | Tinstall | Tcheck | Ttotal | Status | Flags |
---|---|---|---|---|---|---|
r-devel-linux-x86_64-debian-clang | 0.1.0 | 2.93 | 42.16 | 45.09 | OK | |
r-devel-linux-x86_64-debian-gcc | 0.1.0 | 2.60 | 31.51 | 34.11 | OK | |
r-devel-linux-x86_64-fedora-clang | 0.1.0 | 56.84 | NOTE | |||
r-devel-linux-x86_64-fedora-gcc | 0.1.0 | 48.36 | NOTE | |||
r-devel-windows-x86_64 | 0.1.0 | 3.00 | 49.00 | 52.00 | OK | |
r-patched-linux-x86_64 | 0.1.0 | 3.19 | 40.29 | 43.48 | OK | |
r-release-linux-x86_64 | 0.1.0 | 3.17 | 40.76 | 43.93 | OK | |
r-release-macos-arm64 | 0.1.0 | 17.00 | OK | |||
r-release-macos-x86_64 | 0.1.0 | 39.00 | OK | |||
r-release-windows-x86_64 | 0.1.0 | 4.00 | 53.00 | 57.00 | OK | |
r-oldrel-macos-arm64 | 0.1.0 | 21.00 | OK | |||
r-oldrel-macos-x86_64 | 0.1.0 | 27.00 | OK | |||
r-oldrel-windows-x86_64 | 0.1.0 | 5.00 | 53.00 | 58.00 | OK |
Version: 0.1.0
Check: dependencies in R code
Result: NOTE
Namespace in Imports field not imported from: ‘mvtnorm’
All declared Imports should be used.
Flavors: r-devel-linux-x86_64-fedora-clang, r-devel-linux-x86_64-fedora-gcc