Last updated on 2025-10-25 06:49:40 CEST.
| Flavor | Version | Tinstall | Tcheck | Ttotal | Status | Flags |
|---|---|---|---|---|---|---|
| r-devel-linux-x86_64-debian-clang | 0.3.4 | 2.32 | 35.98 | 38.30 | OK | |
| r-devel-linux-x86_64-debian-gcc | 0.3.4 | 1.79 | 28.95 | 30.74 | OK | |
| r-devel-linux-x86_64-fedora-clang | 0.3.4 | 60.31 | OK | |||
| r-devel-linux-x86_64-fedora-gcc | 0.3.4 | 70.64 | OK | |||
| r-devel-windows-x86_64 | 0.3.4 | 4.00 | 54.00 | 58.00 | OK | |
| r-patched-linux-x86_64 | 0.3.4 | 1.94 | 33.23 | 35.17 | OK | |
| r-release-linux-x86_64 | 0.3.4 | 1.82 | 33.40 | 35.22 | OK | |
| r-release-macos-arm64 | 0.3.4 | 1.00 | 34.00 | 35.00 | OK | |
| r-release-macos-x86_64 | 0.3.4 | 3.00 | 57.00 | 60.00 | OK | |
| r-release-windows-x86_64 | 0.3.4 | 4.00 | 56.00 | 60.00 | OK | |
| r-oldrel-macos-arm64 | 0.3.4 | 1.00 | 28.00 | 29.00 | NOTE | |
| r-oldrel-macos-x86_64 | 0.3.4 | 2.00 | 48.00 | 50.00 | NOTE | |
| r-oldrel-windows-x86_64 | 0.3.4 | 4.00 | 66.00 | 70.00 | NOTE |
Version: 0.3.4
Check: LazyData
Result: NOTE
'LazyData' is specified without a 'data' directory
Flavors: r-oldrel-macos-arm64, r-oldrel-macos-x86_64, r-oldrel-windows-x86_64