CRAN Package Check Results for Package fitteR

Last updated on 2025-10-22 11:51:08 CEST.

Flavor Version Tinstall Tcheck Ttotal Status Flags
r-devel-linux-x86_64-debian-clang 0.2.0 5.95 55.83 61.78 NOTE
r-devel-linux-x86_64-debian-gcc 0.2.0 4.30 39.98 44.28 NOTE
r-devel-linux-x86_64-fedora-clang 0.2.0 68.00 33.73 101.73 OK
r-devel-linux-x86_64-fedora-gcc 0.2.0 12.00 81.32 93.32 OK
r-devel-windows-x86_64 0.2.0 8.00 67.00 75.00 OK
r-patched-linux-x86_64 0.2.0 6.06 52.96 59.02 OK
r-release-linux-x86_64 0.2.0 6.46 52.53 58.99 OK
r-release-macos-arm64 0.2.0 5.00 43.00 48.00 OK
r-release-macos-x86_64 0.2.0 15.00 77.00 92.00 OK
r-release-windows-x86_64 0.2.0 9.00 70.00 79.00 OK
r-oldrel-macos-arm64 0.2.0 3.00 25.00 28.00 NOTE
r-oldrel-macos-x86_64 0.2.0 4.00 41.00 45.00 NOTE
r-oldrel-windows-x86_64 0.2.0 10.00 83.00 93.00 NOTE

Check Details

Version: 0.2.0
Check: CRAN incoming feasibility
Result: NOTE Maintainer: ‘Markus Boenn <markus.boenn.sf@gmail.com>’ No Authors@R field in DESCRIPTION. Please add one, modifying Authors@R: person(given = "Markus", family = "Boenn", role = c("aut", "cre"), email = "markus.boenn.sf@gmail.com") as necessary. Flavors: r-devel-linux-x86_64-debian-clang, r-devel-linux-x86_64-debian-gcc

Version: 0.2.0
Check: package dependencies
Result: NOTE Packages suggested but not available for checking: 'nCDunnett', 'reliaR', 'STAR' Flavors: r-oldrel-macos-arm64, r-oldrel-macos-x86_64

Version: 0.2.0
Check: package dependencies
Result: NOTE Packages suggested but not available for checking: 'reliaR', 'STAR' Flavor: r-oldrel-windows-x86_64