CRAN Package Check Results for Package fixedpointproperty

Last updated on 2025-10-21 23:50:54 CEST.

Flavor Version Tinstall Tcheck Ttotal Status Flags
r-devel-linux-x86_64-debian-clang 1.0 8.89 74.18 83.07 NOTE
r-devel-linux-x86_64-debian-gcc 1.0 6.76 55.36 62.12 NOTE
r-devel-linux-x86_64-fedora-clang 1.0 22.00 112.96 134.96 OK
r-devel-linux-x86_64-fedora-gcc 1.0 17.00 106.11 123.11 OK
r-devel-windows-x86_64 1.0 10.00 80.00 90.00 NOTE
r-patched-linux-x86_64 1.0 8.30 71.29 79.59 NOTE
r-release-linux-x86_64 1.0 7.77 71.37 79.14 NOTE
r-release-macos-arm64 1.0 5.00 35.00 40.00 OK
r-release-macos-x86_64 1.0 8.00 69.00 77.00 OK
r-release-windows-x86_64 1.0 11.00 82.00 93.00 NOTE
r-oldrel-macos-arm64 1.0 4.00 31.00 35.00 OK
r-oldrel-macos-x86_64 1.0 6.00 49.00 55.00 OK
r-oldrel-windows-x86_64 1.0 14.00 104.00 118.00 OK

Check Details

Version: 1.0
Check: Rd cross-references
Result: NOTE Found the following Rd file(s) with Rd \link{} targets missing package anchors: fpAnova.Rd: anovaBF Please provide package anchors for all Rd \link{} targets not in the package itself and the base packages. Flavors: r-devel-linux-x86_64-debian-clang, r-devel-linux-x86_64-debian-gcc, r-devel-windows-x86_64, r-patched-linux-x86_64, r-release-linux-x86_64, r-release-windows-x86_64