Last updated on 2025-10-24 05:50:39 CEST.
| Flavor | Version | Tinstall | Tcheck | Ttotal | Status | Flags |
|---|---|---|---|---|---|---|
| r-devel-linux-x86_64-debian-clang | 0.1.1 | 1.56 | 19.71 | 21.27 | OK | |
| r-devel-linux-x86_64-debian-gcc | 0.1.1 | 1.35 | 16.41 | 17.76 | OK | |
| r-devel-linux-x86_64-fedora-clang | 0.1.1 | 29.54 | OK | |||
| r-devel-linux-x86_64-fedora-gcc | 0.1.1 | 27.82 | OK | |||
| r-devel-windows-x86_64 | 0.1.1 | 3.00 | 37.00 | 40.00 | OK | |
| r-patched-linux-x86_64 | 0.1.1 | 1.47 | 17.35 | 18.82 | OK | |
| r-release-linux-x86_64 | 0.1.1 | 1.65 | 17.09 | 18.74 | OK | |
| r-release-macos-arm64 | 0.1.1 | 2.00 | 16.00 | 18.00 | OK | |
| r-release-macos-x86_64 | 0.1.1 | 1.00 | 27.00 | 28.00 | OK | |
| r-release-windows-x86_64 | 0.1.1 | 3.00 | 38.00 | 41.00 | OK | |
| r-oldrel-macos-arm64 | 0.1.1 | 1.00 | 13.00 | 14.00 | NOTE | |
| r-oldrel-macos-x86_64 | 0.1.1 | 1.00 | 19.00 | 20.00 | NOTE | |
| r-oldrel-windows-x86_64 | 0.1.1 | 3.00 | 42.00 | 45.00 | NOTE |
Version: 0.1.1
Check: LazyData
Result: NOTE
'LazyData' is specified without a 'data' directory
Flavors: r-oldrel-macos-arm64, r-oldrel-macos-x86_64, r-oldrel-windows-x86_64