Last updated on 2025-10-24 18:49:55 CEST.
| Flavor | Version | Tinstall | Tcheck | Ttotal | Status | Flags |
|---|---|---|---|---|---|---|
| r-devel-linux-x86_64-debian-clang | 1.1.0 | 3.15 | 32.41 | 35.56 | NOTE | |
| r-devel-linux-x86_64-debian-gcc | 1.1.0 | 2.30 | 24.36 | 26.66 | NOTE | |
| r-devel-linux-x86_64-fedora-clang | 1.1.0 | 53.51 | OK | |||
| r-devel-linux-x86_64-fedora-gcc | 1.1.0 | 48.41 | OK | |||
| r-devel-windows-x86_64 | 1.1.0 | 5.00 | 47.00 | 52.00 | OK | |
| r-patched-linux-x86_64 | 1.1.0 | 2.93 | 29.08 | 32.01 | OK | |
| r-release-linux-x86_64 | 1.1.0 | 3.11 | 29.02 | 32.13 | OK | |
| r-release-macos-arm64 | 1.1.0 | 2.00 | 19.00 | 21.00 | OK | |
| r-release-macos-x86_64 | 1.1.0 | 3.00 | 31.00 | 34.00 | OK | |
| r-release-windows-x86_64 | 1.1.0 | 5.00 | 47.00 | 52.00 | OK | |
| r-oldrel-macos-arm64 | 1.1.0 | 2.00 | 17.00 | 19.00 | OK | |
| r-oldrel-macos-x86_64 | 1.1.0 | 2.00 | 25.00 | 27.00 | OK | |
| r-oldrel-windows-x86_64 | 1.1.0 | 8.00 | 54.00 | 62.00 | OK |
Version: 1.1.0
Check: CRAN incoming feasibility
Result: NOTE
Maintainer: ‘Benjamin Lu <b.lu@berkeley.edu>’
No Authors@R field in DESCRIPTION.
Please add one, modifying
Authors@R: c(person(given = "Benjamin",
family = "Lu",
role = c("aut", "cre"),
email = "b.lu@berkeley.edu"),
person(given = "Johanna",
family = "Hardin",
role = "aut"))
as necessary.
Package CITATION file contains call(s) to old-style personList() or
as.personList(). Please use c() on person objects instead.
Package CITATION file contains call(s) to old-style citEntry(). Please
use bibentry() instead.
Flavors: r-devel-linux-x86_64-debian-clang, r-devel-linux-x86_64-debian-gcc