Last updated on 2025-10-24 18:49:55 CEST.
| Flavor | Version | Tinstall | Tcheck | Ttotal | Status | Flags |
|---|---|---|---|---|---|---|
| r-devel-linux-x86_64-debian-clang | 1.0.2 | 12.11 | 88.02 | 100.13 | NOTE | |
| r-devel-linux-x86_64-debian-gcc | 1.0.2 | 8.14 | 60.32 | 68.46 | NOTE | |
| r-devel-linux-x86_64-fedora-clang | 1.0.2 | 31.00 | 124.56 | 155.56 | OK | |
| r-devel-linux-x86_64-fedora-gcc | 1.0.2 | 76.00 | 70.27 | 146.27 | NOTE | |
| r-devel-windows-x86_64 | 1.0.2 | 14.00 | 101.00 | 115.00 | OK | |
| r-patched-linux-x86_64 | 1.0.2 | 12.73 | 80.22 | 92.95 | OK | |
| r-release-linux-x86_64 | 1.0.2 | 11.34 | 80.96 | 92.30 | OK | |
| r-release-macos-arm64 | 1.0.2 | 4.00 | 36.00 | 40.00 | OK | |
| r-release-macos-x86_64 | 1.0.2 | 10.00 | 80.00 | 90.00 | OK | |
| r-release-windows-x86_64 | 1.0.2 | 14.00 | 101.00 | 115.00 | OK | |
| r-oldrel-macos-arm64 | 1.0.2 | 4.00 | 38.00 | 42.00 | OK | |
| r-oldrel-macos-x86_64 | 1.0.2 | 11.00 | 72.00 | 83.00 | OK | |
| r-oldrel-windows-x86_64 | 1.0.2 | 19.00 | 129.00 | 148.00 | OK |
Version: 1.0.2
Check: Rd files
Result: NOTE
checkRd: (-1) aus_births.Rd:27-29: Only 2 columns allowed in this table (row 1 has 1)
checkRd: (-1) aus_migration.Rd:31-33: Only 2 columns allowed in this table (row 1 has 1)
checkRd: (-1) aus_tobacco.Rd:31-33: Only 2 columns allowed in this table (row 1 has 1)
checkRd: (-1) aus_vehicle_sales.Rd:28-30: Only 2 columns allowed in this table (row 1 has 1)
Flavors: r-devel-linux-x86_64-debian-clang, r-devel-linux-x86_64-debian-gcc, r-devel-linux-x86_64-fedora-gcc