Last updated on 2025-10-22 17:49:38 CEST.
Flavor | Version | Tinstall | Tcheck | Ttotal | Status | Flags |
---|---|---|---|---|---|---|
r-devel-linux-x86_64-debian-clang | 3.7.1 | 275.74 | 321.70 | 597.44 | OK | |
r-devel-linux-x86_64-debian-gcc | 3.7.1 | 182.29 | 198.93 | 381.22 | OK | |
r-devel-linux-x86_64-fedora-clang | 3.7.1 | 489.00 | 475.39 | 964.39 | NOTE | |
r-devel-linux-x86_64-fedora-gcc | 3.7.1 | 544.00 | 439.82 | 983.82 | OK | |
r-devel-windows-x86_64 | 3.7.1 | 283.00 | 293.00 | 576.00 | OK | |
r-patched-linux-x86_64 | 3.7.0 | 265.07 | 297.62 | 562.69 | OK | |
r-release-linux-x86_64 | 3.7.1 | 254.25 | 298.51 | 552.76 | OK | |
r-release-macos-arm64 | 3.7.1 | 159.00 | 93.00 | 252.00 | OK | |
r-release-macos-x86_64 | 3.7.1 | 176.00 | 272.00 | 448.00 | OK | |
r-release-windows-x86_64 | 3.7.1 | 231.00 | 288.00 | 519.00 | OK | |
r-oldrel-macos-arm64 | 3.7.1 | 164.00 | 103.00 | 267.00 | NOTE | |
r-oldrel-macos-x86_64 | 3.7.1 | 175.00 | 252.00 | 427.00 | NOTE | |
r-oldrel-windows-x86_64 | 3.7.1 | 310.00 | 365.00 | 675.00 | NOTE |
Version: 3.7.1
Check: Rd files
Result: NOTE
checkRd: (-1) GenfrailtyPenal.Rd:338: height/width attributes should be in pixels
checkRd: (-1) GenfrailtyPenal.Rd:348: height/width attributes should be in pixels
checkRd: (-1) GenfrailtyPenal.Rd:375: height/width attributes should be in pixels
checkRd: (-1) GenfrailtyPenal.Rd:383: height/width attributes should be in pixels
checkRd: (-1) GenfrailtyPenal.Rd:390: height/width attributes should be in pixels
checkRd: (-1) GenfrailtyPenal.Rd:417: height/width attributes should be in pixels
checkRd: (-1) GenfrailtyPenal.Rd:458: height/width attributes should be in pixels
checkRd: (-1) GenfrailtyPenal.Rd:496: height/width attributes should be in pixels
checkRd: (-1) GenfrailtyPenal.Rd:507: height/width attributes should be in pixels
checkRd: (-1) additivePenal.Rd:163: height/width attributes should be in pixels
checkRd: (-1) frailtyPenal.Rd:322: height/width attributes should be in pixels
checkRd: (-1) frailtyPenal.Rd:323: height/width attributes should be in pixels
checkRd: (-1) frailtyPenal.Rd:333: height/width attributes should be in pixels
checkRd: (-1) frailtyPenal.Rd:334: height/width attributes should be in pixels
checkRd: (-1) frailtyPenal.Rd:364: height/width attributes should be in pixels
checkRd: (-1) frailtyPenal.Rd:374: height/width attributes should be in pixels
checkRd: (-1) frailtyPenal.Rd:375: height/width attributes should be in pixels
checkRd: (-1) frailtyPenal.Rd:384: height/width attributes should be in pixels
checkRd: (-1) frailtyPenal.Rd:392: height/width attributes should be in pixels
checkRd: (-1) frailtyPenal.Rd:393: height/width attributes should be in pixels
checkRd: (-1) frailtyPenal.Rd:411: height/width attributes should be in pixels
checkRd: (-1) frailtyPenal.Rd:434: height/width attributes should be in pixels
checkRd: (-1) frailtyPenal.Rd:466: height/width attributes should be in pixels
checkRd: (-1) jointSurroCopPenal.Rd:260: height/width attributes should be in pixels
checkRd: (-1) jointSurroCopPenal.Rd:264: height/width attributes should be in pixels
checkRd: (-1) jointSurroCopPenal.Rd:268: height/width attributes should be in pixels
checkRd: (-1) jointSurroCopPenal.Rd:278: height/width attributes should be in pixels
checkRd: (-1) jointSurroCopPenal.Rd:299: height/width attributes should be in pixels
checkRd: (-1) jointSurroCopPenal.Rd:303: height/width attributes should be in pixels
checkRd: (-1) jointSurroCopPenal.Rd:317: height/width attributes should be in pixels
checkRd: (-1) jointSurroCopPenal.Rd:334: height/width attributes should be in pixels
checkRd: (-1) jointSurroCopPenal.Rd:201: height/width attributes should be in pixels
checkRd: (-1) jointSurroPenal.Rd:320: height/width attributes should be in pixels
checkRd: (-1) jointSurroPenal.Rd:331: height/width attributes should be in pixels
checkRd: (-1) jointSurroPenal.Rd:347: height/width attributes should be in pixels
checkRd: (-1) jointSurroPenal.Rd:366: height/width attributes should be in pixels
checkRd: (-1) jointSurroPenal.Rd:386: height/width attributes should be in pixels
checkRd: (-1) jointSurroPenal.Rd:401: height/width attributes should be in pixels
checkRd: (-1) jointSurroPenal.Rd:256: height/width attributes should be in pixels
checkRd: (-1) longiPenal.Rd:313: height/width attributes should be in pixels
checkRd: (-1) multivPenal.Rd:229: height/width attributes should be in pixels
checkRd: (-1) multivPenal.Rd:245: height/width attributes should be in pixels
checkRd: (-1) prediction.Rd:107: height/width attributes should be in pixels
checkRd: (-1) prediction.Rd:116: height/width attributes should be in pixels
checkRd: (-1) prediction.Rd:121: height/width attributes should be in pixels
checkRd: (-1) prediction.Rd:132: height/width attributes should be in pixels
checkRd: (-1) prediction.Rd:137: height/width attributes should be in pixels
checkRd: (-1) prediction.Rd:146: height/width attributes should be in pixels
checkRd: (-1) prediction.Rd:161: height/width attributes should be in pixels
checkRd: (-1) prediction.Rd:192: height/width attributes should be in pixels
checkRd: (-1) prediction.Rd:197: height/width attributes should be in pixels
checkRd: (-1) prediction.Rd:203: height/width attributes should be in pixels
checkRd: (-1) prediction.Rd:215: height/width attributes should be in pixels
checkRd: (-1) prediction.Rd:216: height/width attributes should be in pixels
checkRd: (-1) prediction.Rd:241: height/width attributes should be in pixels
checkRd: (-1) prediction.Rd:249: height/width attributes should be in pixels
checkRd: (-1) prediction.Rd:250: height/width attributes should be in pixels
checkRd: (-1) prediction.Rd:260: height/width attributes should be in pixels
checkRd: (-1) prediction.Rd:277: height/width attributes should be in pixels
checkRd: (-1) ste.Rd:61: height/width attributes should be in pixels
checkRd: (-1) ste.Rd:63: height/width attributes should be in pixels
checkRd: (-1) trivPenal.Rd:290: height/width attributes should be in pixels
checkRd: (-1) trivPenal.Rd:311: height/width attributes should be in pixels
checkRd: (-1) trivPenalNL.Rd:301: height/width attributes should be in pixels
checkRd: (-1) trivPenalNL.Rd:325: height/width attributes should be in pixels
checkRd: (-1) trivPenalNL.Rd:341: height/width attributes should be in pixels
Flavor: r-devel-linux-x86_64-fedora-clang
Version: 3.7.1
Check: installed package size
Result: NOTE
installed size is 12.3Mb
sub-directories of 1Mb or more:
R 2.1Mb
help 2.7Mb
libs 6.1Mb
Flavors: r-oldrel-macos-arm64, r-oldrel-macos-x86_64, r-oldrel-windows-x86_64