Last updated on 2025-10-24 18:49:55 CEST.
| Flavor | Version | Tinstall | Tcheck | Ttotal | Status | Flags |
|---|---|---|---|---|---|---|
| r-devel-linux-x86_64-debian-clang | 0.2.0 | 2.55 | 37.99 | 40.54 | NOTE | |
| r-devel-linux-x86_64-debian-gcc | 0.2.0 | 2.13 | 30.71 | 32.84 | NOTE | |
| r-devel-linux-x86_64-fedora-clang | 0.2.0 | 60.93 | OK | |||
| r-devel-linux-x86_64-fedora-gcc | 0.2.0 | 72.75 | OK | |||
| r-devel-windows-x86_64 | 0.2.0 | 4.00 | 52.00 | 56.00 | OK | |
| r-patched-linux-x86_64 | 0.2.0 | 2.49 | 36.29 | 38.78 | OK | |
| r-release-linux-x86_64 | 0.2.0 | 2.66 | 35.71 | 38.37 | OK | |
| r-release-macos-arm64 | 0.2.0 | 1.00 | 27.00 | 28.00 | OK | |
| r-release-macos-x86_64 | 0.2.0 | 2.00 | 44.00 | 46.00 | OK | |
| r-release-windows-x86_64 | 0.2.0 | 4.00 | 54.00 | 58.00 | OK | |
| r-oldrel-macos-arm64 | 0.2.0 | 1.00 | 26.00 | 27.00 | OK | |
| r-oldrel-macos-x86_64 | 0.2.0 | 2.00 | 35.00 | 37.00 | OK | |
| r-oldrel-windows-x86_64 | 0.2.0 | 5.00 | 62.00 | 67.00 | OK |
Version: 0.2.0
Check: CRAN incoming feasibility
Result: NOTE
Maintainer: ‘Bill Venables <Bill.Venables@gmail.com>’
No Authors@R field in DESCRIPTION.
Please add one, modifying
Authors@R: person(given = "Bill",
family = "Venables",
role = c("aut", "cre"),
email = "bill.venables@gmail.com")
as necessary.
Flavors: r-devel-linux-x86_64-debian-clang, r-devel-linux-x86_64-debian-gcc