Last updated on 2025-10-21 23:50:54 CEST.
Flavor | Version | Tinstall | Tcheck | Ttotal | Status | Flags |
---|---|---|---|---|---|---|
r-devel-linux-x86_64-debian-clang | 0.9-0 | 14.49 | 120.70 | 135.19 | NOTE | |
r-devel-linux-x86_64-debian-gcc | 0.9-0 | 9.74 | 81.98 | 91.72 | NOTE | |
r-devel-linux-x86_64-fedora-clang | 0.9-0 | 41.00 | 166.28 | 207.28 | OK | |
r-devel-linux-x86_64-fedora-gcc | 0.9-0 | 26.00 | 178.15 | 204.15 | OK | |
r-devel-windows-x86_64 | 0.9-0 | 17.00 | 155.00 | 172.00 | OK | |
r-patched-linux-x86_64 | 0.9-0 | 16.81 | 112.88 | 129.69 | OK | |
r-release-linux-x86_64 | 0.9-0 | 12.99 | 111.50 | 124.49 | OK | |
r-release-macos-arm64 | 0.9-0 | 8.00 | 75.00 | 83.00 | OK | |
r-release-macos-x86_64 | 0.9-0 | 10.00 | 95.00 | 105.00 | OK | |
r-release-windows-x86_64 | 0.9-0 | 17.00 | 165.00 | 182.00 | OK | |
r-oldrel-macos-arm64 | 0.9-0 | 5.00 | 44.00 | 49.00 | OK | |
r-oldrel-macos-x86_64 | 0.9-0 | 10.00 | 74.00 | 84.00 | OK | |
r-oldrel-windows-x86_64 | 0.9-0 | 23.00 | 185.00 | 208.00 | OK |
Version: 0.9-0
Check: top-level files
Result: NOTE
Found the following validation problem for the NEWS.Rd HTML conversion:
NEWS.html:218:1 (inst/NEWS.Rd:89): Warning: missing </ul> before </div>
NEWS.html:54:1 (inst/NEWS.Rd:21): Warning: <h4> anchor "NEW-FEATURES" already defined
NEWS.html:72:1 (inst/NEWS.Rd:29): Warning: <h4> anchor "BUG-FIXES" already defined
NEWS.html:89:1 (inst/NEWS.Rd:38): Warning: <h4> anchor "NEW-FEATURES" already defined
NEWS.html:106:1 (inst/NEWS.Rd:45): Warning: <h4> anchor "BUG-FIXES" already defined
NEWS.html:127:1 (inst/NEWS.Rd:54): Warning: <h4> anchor "NEW-FEATURES" already defined
NEWS.html:147:1 (inst/NEWS.Rd:62): Warning: <h4> anchor "BUG-FIXES" already defined
NEWS.html:165:1 (inst/NEWS.Rd:70): Warning: <h4> anchor "NEW-FEATURES" already defined
NEWS.html:192:1 (inst/NEWS.Rd:81): Warning: <h4> anchor "NEW-FEATURES" already defined
Flavors: r-devel-linux-x86_64-debian-clang, r-devel-linux-x86_64-debian-gcc