CRAN Package Check Results for Package fullROC

Last updated on 2025-10-21 17:49:48 CEST.

Flavor Version Tinstall Tcheck Ttotal Status Flags
r-devel-linux-x86_64-debian-clang 0.1.0 1.65 23.27 24.92 OK
r-devel-linux-x86_64-debian-gcc 0.1.0 1.56 18.19 19.75 OK
r-devel-linux-x86_64-fedora-clang 0.1.0 38.11 OK
r-devel-linux-x86_64-fedora-gcc 0.1.0 35.29 OK
r-devel-windows-x86_64 0.1.0 3.00 40.00 43.00 OK
r-patched-linux-x86_64 0.1.0 2.03 21.85 23.88 OK
r-release-linux-x86_64 0.1.0 1.90 21.86 23.76 OK
r-release-macos-arm64 0.1.0 1.00 16.00 17.00 OK
r-release-macos-x86_64 0.1.0 2.00 27.00 29.00 OK
r-release-windows-x86_64 0.1.0 3.00 45.00 48.00 OK
r-oldrel-macos-arm64 0.1.0 1.00 14.00 15.00 NOTE
r-oldrel-macos-x86_64 0.1.0 2.00 26.00 28.00 NOTE
r-oldrel-windows-x86_64 0.1.0 2.00 42.00 44.00 NOTE

Check Details

Version: 0.1.0
Check: LazyData
Result: NOTE 'LazyData' is specified without a 'data' directory Flavors: r-oldrel-macos-arm64, r-oldrel-macos-x86_64, r-oldrel-windows-x86_64