CRAN Package Check Results for Package fun

Last updated on 2025-10-21 23:50:54 CEST.

Flavor Version Tinstall Tcheck Ttotal Status Flags
r-devel-linux-x86_64-debian-clang 0.3 2.26 24.25 26.51 NOTE
r-devel-linux-x86_64-debian-gcc 0.3 1.81 19.44 21.25 NOTE
r-devel-linux-x86_64-fedora-clang 0.3 37.94 OK
r-devel-linux-x86_64-fedora-gcc 0.3 35.77 OK
r-devel-windows-x86_64 0.3 3.00 40.00 43.00 OK
r-patched-linux-x86_64 0.3 2.58 22.82 25.40 NOTE
r-release-linux-x86_64 0.3 2.45 22.78 25.23 NOTE
r-release-macos-arm64 0.3 1.00 16.00 17.00 OK
r-release-macos-x86_64 0.3 2.00 28.00 30.00 OK
r-release-windows-x86_64 0.3 4.00 43.00 47.00 OK
r-oldrel-macos-arm64 0.3 1.00 14.00 15.00 OK
r-oldrel-macos-x86_64 0.3 2.00 25.00 27.00 OK
r-oldrel-windows-x86_64 0.3 3.00 39.00 42.00 OK

Check Details

Version: 0.3
Check: for unstated dependencies in ‘demo’
Result: NOTE 'library' or 'require' calls not declared from: ‘rgl’ ‘tuneR’ Flavors: r-devel-linux-x86_64-debian-clang, r-devel-linux-x86_64-debian-gcc, r-patched-linux-x86_64, r-release-linux-x86_64