Last updated on 2025-10-21 23:50:54 CEST.
Flavor | Version | Tinstall | Tcheck | Ttotal | Status | Flags |
---|---|---|---|---|---|---|
r-devel-linux-x86_64-debian-clang | 1.2.2 | 6.91 | 61.31 | 68.22 | NOTE | |
r-devel-linux-x86_64-debian-gcc | 1.2.2 | 5.07 | 45.97 | 51.04 | NOTE | |
r-devel-linux-x86_64-fedora-clang | 1.2.2 | 20.00 | 87.17 | 107.17 | OK | |
r-devel-linux-x86_64-fedora-gcc | 1.2.2 | 15.00 | 84.18 | 99.18 | OK | |
r-devel-windows-x86_64 | 1.2.2 | 8.00 | 72.00 | 80.00 | OK | |
r-patched-linux-x86_64 | 1.2.2 | 7.56 | 58.42 | 65.98 | OK | |
r-release-linux-x86_64 | 1.2.2 | 7.02 | 58.62 | 65.64 | OK | |
r-release-macos-arm64 | 1.2.2 | 4.00 | 31.00 | 35.00 | OK | |
r-release-macos-x86_64 | 1.2.2 | 6.00 | 52.00 | 58.00 | OK | |
r-release-windows-x86_64 | 1.2.2 | 8.00 | 73.00 | 81.00 | OK | |
r-oldrel-macos-arm64 | 1.2.2 | 4.00 | 29.00 | 33.00 | OK | |
r-oldrel-macos-x86_64 | 1.2.2 | 5.00 | 41.00 | 46.00 | OK | |
r-oldrel-windows-x86_64 | 1.2.2 | 11.00 | 89.00 | 100.00 | OK |
Version: 1.2.2
Check: HTML version of manual
Result: NOTE
Found the following HTML validation problems:
plot.funeigen.html:76:1 (plot.funeigen.Rd:25): Warning: missing </ul> before </div>
plot.funreg.html:69:1 (plot.funreg.Rd:26): Warning: missing </ul> before </div>
print.funreg.html:62:1 (print.funreg.Rd:19): Warning: missing </ul> before </div>
Flavors: r-devel-linux-x86_64-debian-clang, r-devel-linux-x86_64-debian-gcc