Last updated on 2025-10-21 23:50:56 CEST.
Flavor | Version | Tinstall | Tcheck | Ttotal | Status | Flags |
---|---|---|---|---|---|---|
r-devel-linux-x86_64-debian-clang | 2.0.3 | 191.61 | 117.82 | 309.43 | NOTE | |
r-devel-linux-x86_64-debian-gcc | 2.0.3 | 127.02 | 86.10 | 213.12 | NOTE | |
r-devel-linux-x86_64-fedora-clang | 2.0.3 | 553.00 | 36.86 | 589.86 | OK | |
r-devel-linux-x86_64-fedora-gcc | 2.0.3 | 282.00 | 266.13 | 548.13 | OK | |
r-devel-windows-x86_64 | 2.0.3 | 224.00 | 158.00 | 382.00 | OK | |
r-patched-linux-x86_64 | 2.0.3 | 198.06 | 111.82 | 309.88 | OK | |
r-release-linux-x86_64 | 2.0.3 | 200.60 | 112.16 | 312.76 | OK | |
r-release-macos-arm64 | 2.0.3 | 64.00 | 66.00 | 130.00 | OK | |
r-release-macos-x86_64 | 2.0.3 | 54.00 | 117.00 | 171.00 | OK | |
r-release-windows-x86_64 | 2.0.3 | 227.00 | 158.00 | 385.00 | OK | |
r-oldrel-macos-arm64 | 2.0.3 | 69.00 | 58.00 | 127.00 | NOTE | |
r-oldrel-macos-x86_64 | 2.0.3 | 80.00 | 103.00 | 183.00 | NOTE | |
r-oldrel-windows-x86_64 | 2.0.3 | 267.00 | 197.00 | 464.00 | NOTE |
Version: 2.0.3
Check: HTML version of manual
Result: NOTE
Found the following HTML validation problems:
api-cell_.html:84:1 (api-cell_.Rd:46): Warning: missing </ul> before </div>
api-tabX.html:104:1 (api-tabX.Rd:72): Warning: missing </ul> before </div>
api-tabX_.html:98:1 (api-tabX_.Rd:62): Warning: missing </ul> before </div>
data_handling.html:59:1 (data_handling.Rd:26): Warning: missing </ul> before </div>
gmwr_book.html:47:1 (gmwr_book.Rd:11): Warning: missing </ul> before </div>
graph-ug2dag.html:47:1 (graph-ug2dag.Rd:10): Warning: missing </ul> before </div>
Flavors: r-devel-linux-x86_64-debian-clang, r-devel-linux-x86_64-debian-gcc
Version: 2.0.3
Check: installed package size
Result: NOTE
installed size is 15.7Mb
sub-directories of 1Mb or more:
data 3.9Mb
libs 10.5Mb
Flavors: r-oldrel-macos-arm64, r-oldrel-macos-x86_64, r-oldrel-windows-x86_64