Last updated on 2025-10-21 11:53:24 CEST.
Flavor | Version | Tinstall | Tcheck | Ttotal | Status | Flags |
---|---|---|---|---|---|---|
r-devel-linux-x86_64-debian-clang | 0.0.5 | 4.80 | 80.22 | 85.02 | NOTE | |
r-devel-linux-x86_64-debian-gcc | 0.0.5 | 3.37 | 53.52 | 56.89 | NOTE | |
r-devel-linux-x86_64-fedora-clang | 0.0.5 | 134.81 | NOTE | |||
r-devel-linux-x86_64-fedora-gcc | 0.0.5 | 124.99 | NOTE | |||
r-devel-windows-x86_64 | 0.0.5 | 6.00 | 86.00 | 92.00 | NOTE | |
r-patched-linux-x86_64 | 0.0.5 | 4.50 | 73.43 | 77.93 | NOTE | |
r-release-linux-x86_64 | 0.0.5 | 4.50 | 73.62 | 78.12 | NOTE | |
r-release-macos-arm64 | 0.0.5 | 54.00 | NOTE | |||
r-release-macos-x86_64 | 0.0.5 | 4.00 | 66.00 | 70.00 | NOTE | |
r-release-windows-x86_64 | 0.0.5 | 8.00 | 86.00 | 94.00 | NOTE | |
r-oldrel-macos-arm64 | 0.0.5 | 35.00 | NOTE | |||
r-oldrel-macos-x86_64 | 0.0.5 | 58.00 | NOTE | |||
r-oldrel-windows-x86_64 | 0.0.5 | 10.00 | 111.00 | 121.00 | NOTE |
Version: 0.0.5
Check: Rd files
Result: NOTE
checkRd: (-1) min_hpd_inc_area_df.Rd:20: Lost braces in \itemize; \value handles \item{}{} directly
checkRd: (-1) min_hpd_inc_area_df.Rd:21-22: Lost braces in \itemize; \value handles \item{}{} directly
checkRd: (-1) min_hpd_inc_area_df.Rd:23: Lost braces in \itemize; \value handles \item{}{} directly
checkRd: (-1) vza_mean_and_var_rasters.Rd:20: Lost braces
20 | of the paper on Wilson's warbler, this function computes $tilde{T}^{(mu)}$ (returned as
| ^
checkRd: (-1) vza_mean_and_var_rasters.Rd:20: Lost braces; missing escapes or markup?
20 | of the paper on Wilson's warbler, this function computes $tilde{T}^{(mu)}$ (returned as
| ^
checkRd: (-1) vza_mean_and_var_rasters.Rd:21: Lost braces; missing escapes or markup?
21 | list component \code{mean.raster}) and $R^{(sigma^2)}$ (returned as list component
| ^
Flavors: r-devel-linux-x86_64-debian-clang, r-devel-linux-x86_64-debian-gcc, r-devel-linux-x86_64-fedora-clang, r-devel-linux-x86_64-fedora-gcc, r-devel-windows-x86_64, r-patched-linux-x86_64, r-release-linux-x86_64, r-release-macos-arm64, r-release-macos-x86_64, r-release-windows-x86_64, r-oldrel-macos-arm64, r-oldrel-macos-x86_64, r-oldrel-windows-x86_64
Version: 0.0.5
Check: HTML version of manual
Result: NOTE
Found the following HTML validation problems:
hpd_cumul.html:46:1 (hpd_cumul.Rd:10): Warning: missing </ul> before </div>
min_hpd_inclusion_area.html:58:1 (min_hpd_inclusion_area.Rd:14): Warning: missing </ul> before </div>
private_rescale.html:61:1 (private_rescale.Rd:15): Warning: missing </ul> before </div>
vza_mean_and_var_rasters.html:57:1 (vza_mean_and_var_rasters.Rd:14): Warning: missing </ul> before </div>
Flavors: r-devel-linux-x86_64-debian-clang, r-devel-linux-x86_64-debian-gcc