CRAN Package Check Results for Package galts

Last updated on 2025-10-21 17:49:48 CEST.

Flavor Version Tinstall Tcheck Ttotal Status Flags
r-devel-linux-x86_64-debian-clang 1.3.2 1.83 22.23 24.06 NOTE
r-devel-linux-x86_64-debian-gcc 1.3.2 1.41 18.23 19.64 NOTE
r-devel-linux-x86_64-fedora-clang 1.3.2 35.39 OK
r-devel-linux-x86_64-fedora-gcc 1.3.2 34.33 OK
r-devel-windows-x86_64 1.3.2 4.00 47.00 51.00 OK
r-patched-linux-x86_64 1.3.2 1.65 21.23 22.88 OK
r-release-linux-x86_64 1.3.2 1.72 21.15 22.87 OK
r-release-macos-arm64 1.3.2 1.00 15.00 16.00 OK
r-release-macos-x86_64 1.3.2 3.00 27.00 30.00 OK
r-release-windows-x86_64 1.3.2 3.00 42.00 45.00 OK
r-oldrel-macos-arm64 1.3.2 1.00 13.00 14.00 OK
r-oldrel-macos-x86_64 1.3.2 1.00 22.00 23.00 OK
r-oldrel-windows-x86_64 1.3.2 4.00 46.00 50.00 OK

Check Details

Version: 1.3.2
Check: CRAN incoming feasibility
Result: NOTE Maintainer: ‘Mehmet Hakan Satman <mhsatman@istanbul.edu.tr>’ No Authors@R field in DESCRIPTION. Please add one, modifying Authors@R: person(given = c("Mehmet", "Hakan"), family = "Satman", role = c("aut", "cre"), email = "mhsatman@istanbul.edu.tr") as necessary. Flavors: r-devel-linux-x86_64-debian-clang, r-devel-linux-x86_64-debian-gcc