Last updated on 2025-10-21 23:50:55 CEST.
Flavor | Version | Tinstall | Tcheck | Ttotal | Status | Flags |
---|---|---|---|---|---|---|
r-devel-linux-x86_64-debian-clang | 2.1-12 | 24.14 | 208.34 | 232.48 | NOTE | |
r-devel-linux-x86_64-debian-gcc | 2.1-12 | 14.29 | 134.62 | 148.91 | NOTE | |
r-devel-linux-x86_64-fedora-clang | 2.1-12 | 54.00 | 315.91 | 369.91 | NOTE | |
r-devel-linux-x86_64-fedora-gcc | 2.1-12 | 48.00 | 294.96 | 342.96 | NOTE | |
r-devel-windows-x86_64 | 2.1-12 | 24.00 | 189.00 | 213.00 | NOTE | |
r-patched-linux-x86_64 | 2.1-12 | 20.58 | 198.72 | 219.30 | NOTE | |
r-release-linux-x86_64 | 2.1-12 | 21.21 | 195.47 | 216.68 | NOTE | |
r-release-macos-arm64 | 2.1-12 | 9.00 | 78.00 | 87.00 | NOTE | |
r-release-macos-x86_64 | 2.1-12 | 20.00 | 162.00 | 182.00 | NOTE | |
r-release-windows-x86_64 | 2.1-12 | 23.00 | 189.00 | 212.00 | NOTE | |
r-oldrel-macos-arm64 | 2.1-12 | 8.00 | 70.00 | 78.00 | OK | |
r-oldrel-macos-x86_64 | 2.1-12 | 14.00 | 151.00 | 165.00 | OK | |
r-oldrel-windows-x86_64 | 2.1-12 | 32.00 | 254.00 | 286.00 | OK |
Version: 2.1-12
Check: DESCRIPTION meta-information
Result: NOTE
Missing dependency on R >= 4.1.0 because package code uses the pipe
|> or function shorthand \(...) syntax added in R 4.1.0.
File(s) using such syntax:
‘Bucket_plot.R’
Flavors: r-devel-linux-x86_64-debian-clang, r-devel-linux-x86_64-debian-gcc, r-devel-linux-x86_64-fedora-clang, r-devel-linux-x86_64-fedora-gcc, r-devel-windows-x86_64, r-patched-linux-x86_64, r-release-linux-x86_64, r-release-macos-arm64, r-release-macos-x86_64, r-release-windows-x86_64
Version: 2.1-12
Check: Rd cross-references
Result: NOTE
Found the following Rd file(s) with Rd \link{} targets missing package
anchors:
family_pdf.Rd: gamlss
fitted_cdf.Rd: gamlss
fitted_devianceIncr.Rd: gamlss
model_pca.Rd: gamlss
resid_plot.Rd: gamlss, plot.gamlss
Please provide package anchors for all Rd \link{} targets not in the
package itself and the base packages.
Flavors: r-devel-linux-x86_64-debian-clang, r-devel-linux-x86_64-debian-gcc, r-devel-windows-x86_64, r-patched-linux-x86_64, r-release-linux-x86_64, r-release-windows-x86_64