Last updated on 2025-10-25 12:49:48 CEST.
| Flavor | Version | Tinstall | Tcheck | Ttotal | Status | Flags |
|---|---|---|---|---|---|---|
| r-devel-linux-x86_64-debian-clang | 0.3 | 31.04 | 85.95 | 116.99 | NOTE | |
| r-devel-linux-x86_64-debian-gcc | 0.3 | 23.47 | 60.99 | 84.46 | NOTE | |
| r-devel-linux-x86_64-fedora-clang | 0.3 | 109.00 | 93.24 | 202.24 | OK | |
| r-devel-linux-x86_64-fedora-gcc | 0.3 | 70.00 | 116.22 | 186.22 | OK | |
| r-devel-windows-x86_64 | 0.3 | 41.00 | 102.00 | 143.00 | OK | |
| r-patched-linux-x86_64 | 0.3 | 30.23 | 80.99 | 111.22 | OK | |
| r-release-linux-x86_64 | 0.3 | 30.38 | 80.44 | 110.82 | OK | |
| r-release-macos-arm64 | 0.3 | 15.00 | 36.00 | 51.00 | OK | |
| r-release-macos-x86_64 | 0.3 | 33.00 | 69.00 | 102.00 | OK | |
| r-release-windows-x86_64 | 0.3 | 41.00 | 102.00 | 143.00 | OK | |
| r-oldrel-macos-arm64 | 0.3 | 13.00 | 36.00 | 49.00 | NOTE | |
| r-oldrel-macos-x86_64 | 0.3 | 19.00 | 73.00 | 92.00 | NOTE | |
| r-oldrel-windows-x86_64 | 0.3 | 52.00 | 137.00 | 189.00 | NOTE |
Version: 0.3
Check: CRAN incoming feasibility
Result: NOTE
Maintainer: ‘Takayuki Kawashima <t-kawa@ism.ac.jp>’
No Authors@R field in DESCRIPTION.
Please add one, modifying
Authors@R: person(given = "Takayuki",
family = "Kawashima",
role = c("aut", "cre"),
email = "t-kawa@ism.ac.jp")
as necessary.
Flavors: r-devel-linux-x86_64-debian-clang, r-devel-linux-x86_64-debian-gcc
Version: 0.3
Check: LazyData
Result: NOTE
'LazyData' is specified without a 'data' directory
Flavors: r-oldrel-macos-arm64, r-oldrel-macos-x86_64, r-oldrel-windows-x86_64