CRAN Package Check Results for Package ganDataModel

Last updated on 2025-10-21 17:49:48 CEST.

Flavor Version Tinstall Tcheck Ttotal Status Flags
r-devel-linux-x86_64-debian-clang 1.1.7 48.30 61.92 110.22 NOTE
r-devel-linux-x86_64-debian-gcc 1.1.7 45.69 47.28 92.97 NOTE
r-devel-linux-x86_64-fedora-clang 1.1.7 118.00 62.43 180.43 OK
r-devel-linux-x86_64-fedora-gcc 1.1.7 137.00 67.57 204.57 OK
r-devel-windows-x86_64 1.1.7 61.00 95.00 156.00 OK
r-patched-linux-x86_64 1.1.7 59.92 59.95 119.87 OK
r-release-linux-x86_64 1.1.7 58.29 60.09 118.38 OK
r-release-macos-arm64 1.1.7 27.00 39.00 66.00 OK
r-release-macos-x86_64 1.1.7 62.00 64.00 126.00 OK
r-release-windows-x86_64 1.1.7 62.00 98.00 160.00 OK
r-oldrel-macos-arm64 1.1.7 23.00 30.00 53.00 NOTE
r-oldrel-macos-x86_64 1.1.7 70.00 82.00 152.00 OK
r-oldrel-windows-x86_64 1.1.7 76.00 119.00 195.00 OK

Check Details

Version: 1.1.7
Check: CRAN incoming feasibility
Result: NOTE Maintainer: ‘Werner Mueller <werner.mueller5@chello.at>’ No Authors@R field in DESCRIPTION. Please add one, modifying Authors@R: person(given = "Werner", family = "Mueller", role = c("aut", "cre"), email = "werner.mueller5@chello.at") as necessary. Flavors: r-devel-linux-x86_64-debian-clang, r-devel-linux-x86_64-debian-gcc

Version: 1.1.7
Check: installed package size
Result: NOTE installed size is 5.1Mb sub-directories of 1Mb or more: libs 4.5Mb Flavor: r-oldrel-macos-arm64