Last updated on 2025-10-24 05:50:40 CEST.
| Flavor | Version | Tinstall | Tcheck | Ttotal | Status | Flags |
|---|---|---|---|---|---|---|
| r-devel-linux-x86_64-debian-clang | 1.6 | 21.94 | 262.14 | 284.08 | NOTE | |
| r-devel-linux-x86_64-debian-gcc | 1.6 | 16.28 | 182.89 | 199.17 | NOTE | |
| r-devel-linux-x86_64-fedora-clang | 1.6 | 163.00 | 290.28 | 453.28 | OK | |
| r-devel-linux-x86_64-fedora-gcc | 1.6 | 50.00 | 381.52 | 431.52 | OK | |
| r-devel-windows-x86_64 | 1.6 | 35.00 | 372.00 | 407.00 | OK | |
| r-patched-linux-x86_64 | 1.6 | 26.09 | 253.01 | 279.10 | OK | |
| r-release-linux-x86_64 | 1.6 | 22.30 | 252.99 | 275.29 | OK | |
| r-release-macos-arm64 | 1.6 | 12.00 | 115.00 | 127.00 | OK | |
| r-release-macos-x86_64 | 1.6 | 36.00 | 333.00 | 369.00 | OK | |
| r-release-windows-x86_64 | 1.6 | 41.00 | 368.00 | 409.00 | OK | |
| r-oldrel-macos-arm64 | 1.6 | 12.00 | 122.00 | 134.00 | NOTE | |
| r-oldrel-macos-x86_64 | 1.6 | 19.00 | 268.00 | 287.00 | NOTE | |
| r-oldrel-windows-x86_64 | 1.6 | 49.00 | 449.00 | 498.00 | NOTE |
Version: 1.6
Check: HTML version of manual
Result: NOTE
Found the following HTML validation problems:
ReadGRM.html:46:1 (ReadGRM.Rd:10): Warning: missing </ul> before </div>
WriteGRM.html:58:1 (WriteGRM.Rd:16): Warning: missing </ul> before </div>
WriteGRMBin.html:62:1 (WriteGRMBin.Rd:18): Warning: missing </ul> before </div>
a2g.html:50:1 (a2g.Rd:12): Warning: missing </ul> before </div>
allele.recode.html:54:1 (allele.recode.Rd:14): Warning: missing </ul> before </div>
g2a.html:46:1 (g2a.Rd:10): Warning: missing </ul> before </div>
geno.recode.html:50:1 (geno.recode.Rd:12): Warning: missing </ul> before </div>
Flavor: r-devel-linux-x86_64-debian-clang
Version: 1.6
Check: Rd files
Result: NOTE
checkRd: (-1) gap.Rd:20-137: Only 2 columns allowed in this table (row 1 has 1)
checkRd: (-1) gap.Rd:20-137: Only 2 columns allowed in this table (row 2 has 1)
checkRd: (-1) gap.Rd:20-137: Only 2 columns allowed in this table (row 3 has 1)
checkRd: (-1) gap.Rd:20-137: Only 2 columns allowed in this table (row 51 has 1)
checkRd: (-1) gap.Rd:20-137: Only 2 columns allowed in this table (row 52 has 1)
checkRd: (-1) gap.Rd:20-137: Only 2 columns allowed in this table (row 53 has 1)
checkRd: (-1) gap.Rd:20-137: Only 2 columns allowed in this table (row 78 has 1)
checkRd: (-1) gap.Rd:20-137: Only 2 columns allowed in this table (row 79 has 1)
checkRd: (-1) gap.Rd:20-137: Only 2 columns allowed in this table (row 80 has 1)
checkRd: (-1) gap.Rd:20-137: Only 2 columns allowed in this table (row 116 has 1)
checkRd: (-1) masize.Rd:129-162: Only 3 columns allowed in this table (row 2 has 1)
checkRd: (-1) masize.Rd:129-162: Only 3 columns allowed in this table (row 7 has 1)
checkRd: (-1) masize.Rd:129-162: Only 3 columns allowed in this table (row 13 has 1)
checkRd: (-1) masize.Rd:129-162: Only 3 columns allowed in this table (row 23 has 1)
Flavor: r-devel-linux-x86_64-debian-gcc
Version: 1.6
Check: installed package size
Result: NOTE
installed size is 9.0Mb
sub-directories of 1Mb or more:
doc 7.4Mb
Flavors: r-oldrel-macos-arm64, r-oldrel-macos-x86_64, r-oldrel-windows-x86_64