Last updated on 2025-10-21 17:49:48 CEST.
Flavor | Version | Tinstall | Tcheck | Ttotal | Status | Flags |
---|---|---|---|---|---|---|
r-devel-linux-x86_64-debian-clang | 1.1.2 | 2.92 | 24.76 | 27.68 | NOTE | |
r-devel-linux-x86_64-debian-gcc | 1.1.2 | 2.03 | 19.49 | 21.52 | NOTE | |
r-devel-linux-x86_64-fedora-clang | 1.1.2 | 42.20 | NOTE | |||
r-devel-linux-x86_64-fedora-gcc | 1.1.2 | 38.96 | NOTE | |||
r-devel-windows-x86_64 | 1.1.2 | 4.00 | 44.00 | 48.00 | NOTE | |
r-patched-linux-x86_64 | 1.1.2 | 3.05 | 23.25 | 26.30 | NOTE | |
r-release-linux-x86_64 | 1.1.2 | 2.95 | 23.17 | 26.12 | NOTE | |
r-release-macos-arm64 | 1.1.2 | 1.00 | 16.00 | 17.00 | NOTE | |
r-release-macos-x86_64 | 1.1.2 | 3.00 | 27.00 | 30.00 | NOTE | |
r-release-windows-x86_64 | 1.1.2 | 3.00 | 51.00 | 54.00 | NOTE | |
r-oldrel-macos-arm64 | 1.1.2 | 1.00 | 14.00 | 15.00 | NOTE | |
r-oldrel-macos-x86_64 | 1.1.2 | 2.00 | 21.00 | 23.00 | NOTE | |
r-oldrel-windows-x86_64 | 1.1.2 | 3.00 | 43.00 | 46.00 | NOTE |
Version: 1.1.2
Check: CRAN incoming feasibility
Result: NOTE
Maintainer: ‘Qingsheng Huang <huangqqss@126.com>’
No Authors@R field in DESCRIPTION.
Please add one, modifying
Authors@R: person(given = "Qingsheng",
family = "Huang",
role = c("aut", "cre"),
email = "huangqqss@126.com")
as necessary.
Flavors: r-devel-linux-x86_64-debian-clang, r-devel-linux-x86_64-debian-gcc
Version: 1.1.2
Check: Rd files
Result: NOTE
checkRd: (-1) read.ctable.Rd:19: Lost braces; missing escapes or markup?
19 | a integer scalar which is the index ({icol,irow}) of {row,col}-header
| ^
checkRd: (-1) read.ctable.Rd:19: Lost braces; missing escapes or markup?
19 | a integer scalar which is the index ({icol,irow}) of {row,col}-header
| ^
checkRd: (-1) read.ctable.Rd:29: Lost braces; missing escapes or markup?
29 | output array, {row,col}.names are not necessary \code{dimnames[[1]]} and
| ^
Flavors: r-devel-linux-x86_64-debian-clang, r-devel-linux-x86_64-debian-gcc, r-devel-linux-x86_64-fedora-clang, r-devel-linux-x86_64-fedora-gcc, r-devel-windows-x86_64, r-patched-linux-x86_64, r-release-linux-x86_64, r-release-macos-arm64, r-release-macos-x86_64, r-release-windows-x86_64, r-oldrel-macos-arm64, r-oldrel-macos-x86_64, r-oldrel-windows-x86_64
Version: 1.1.2
Check: HTML version of manual
Result: NOTE
Found the following HTML validation problems:
aperm.garray.html:58:1 (aperm.garray.Rd:14): Warning: missing </ul> before </div>
as.data.frame.garray.html:58:1 (as.data.frame.garray.Rd:16): Warning: missing </ul> before </div>
margins.html:65:1 (margins.Rd:23): Warning: missing </ul> before </div>
print.garray.html:51:1 (print.garray.Rd:12): Warning: missing </ul> before </div>
psummary.html:59:1 (psummary.Rd:17): Warning: missing </ul> before </div>
read.ctable.html:91:1 (read.ctable.Rd:36): Warning: missing </ul> before </div>
Flavors: r-devel-linux-x86_64-debian-clang, r-devel-linux-x86_64-debian-gcc