Last updated on 2025-10-22 11:51:08 CEST.
Flavor | Version | Tinstall | Tcheck | Ttotal | Status | Flags |
---|---|---|---|---|---|---|
r-devel-linux-x86_64-debian-clang | 1.0.23 | 110.75 | 50.33 | 161.08 | NOTE | |
r-devel-linux-x86_64-debian-gcc | 1.0.23 | 63.35 | 39.41 | 102.76 | NOTE | |
r-devel-linux-x86_64-fedora-clang | 1.0.23 | 443.00 | -108.41 | 334.59 | OK | |
r-devel-linux-x86_64-fedora-gcc | 1.0.23 | 228.00 | 28.00 | 256.00 | OK | |
r-devel-windows-x86_64 | 1.0.23 | 120.00 | 88.00 | 208.00 | OK | |
r-patched-linux-x86_64 | 1.0.23 | 101.38 | 49.09 | 150.47 | OK | |
r-release-linux-x86_64 | 1.0.23 | 99.91 | 49.32 | 149.23 | OK | |
r-release-macos-arm64 | 1.0.23 | 51.00 | 45.00 | 96.00 | OK | |
r-release-macos-x86_64 | 1.0.23 | 78.00 | 53.00 | 131.00 | OK | |
r-release-windows-x86_64 | 1.0.23 | 123.00 | 94.00 | 217.00 | OK | |
r-oldrel-macos-arm64 | 1.0.23 | 48.00 | 33.00 | 81.00 | OK | |
r-oldrel-macos-x86_64 | 1.0.23 | 63.00 | 60.00 | 123.00 | OK | |
r-oldrel-windows-x86_64 | 1.0.23 | 141.00 | 108.00 | 249.00 | OK |
Version: 1.0.23
Check: HTML version of manual
Result: NOTE
Found the following HTML validation problems:
evaluate-methods.html:83:1 (evaluate-methods.Rd:35): Warning: missing </ul> before </div>
getEvalFun-methods.html:63:1 (getEvalFun-methods.Rd:25): Warning: missing </ul> before </div>
validData-methods.html:62:1 (validData-methods.Rd:25): Warning: missing </ul> before </div>
Flavors: r-devel-linux-x86_64-debian-clang, r-devel-linux-x86_64-debian-gcc