Last updated on 2025-10-21 11:53:24 CEST.
Flavor | Version | Tinstall | Tcheck | Ttotal | Status | Flags |
---|---|---|---|---|---|---|
r-devel-linux-x86_64-debian-clang | 1.1.6 | 30.33 | 123.55 | 153.88 | NOTE | |
r-devel-linux-x86_64-debian-gcc | 1.1.6 | 16.51 | 89.74 | 106.25 | NOTE | |
r-devel-linux-x86_64-fedora-clang | 1.1.6 | 252.89 | OK | |||
r-devel-linux-x86_64-fedora-gcc | 1.1.6 | 56.00 | 176.81 | 232.81 | OK | |
r-devel-windows-x86_64 | 1.1.6 | 33.00 | 180.00 | 213.00 | OK | |
r-patched-linux-x86_64 | 1.1.6 | 26.80 | 116.69 | 143.49 | OK | |
r-release-linux-x86_64 | 1.1.6 | 26.44 | 116.46 | 142.90 | OK | |
r-release-macos-arm64 | 1.1.6 | 89.00 | OK | |||
r-release-macos-x86_64 | 1.1.6 | 18.00 | 115.00 | 133.00 | OK | |
r-release-windows-x86_64 | 1.1.6 | 32.00 | 183.00 | 215.00 | OK | |
r-oldrel-macos-arm64 | 1.1.6 | 60.00 | OK | |||
r-oldrel-macos-x86_64 | 1.1.6 | 112.00 | OK | |||
r-oldrel-windows-x86_64 | 1.1.6 | 39.00 | 215.00 | 254.00 | OK |
Version: 1.1.6
Check: CRAN incoming feasibility
Result: NOTE
Maintainer: ‘Fabien Navarro <fabien.navarro@math.cnrs.fr>’
The Description field contains
(2019) <arxiv:1906.01882>. The package also provides an interface to
Please refer to arXiv e-prints via their arXiv DOI <doi:10.48550/arXiv.YYMM.NNNNN>.
Flavors: r-devel-linux-x86_64-debian-clang, r-devel-linux-x86_64-debian-gcc
Version: 1.1.6
Check: HTML version of manual
Result: NOTE
Found the following HTML validation problems:
eigendec.html:48:1 (eigendec.Rd:10): Warning: missing </ul> before </div>
Flavors: r-devel-linux-x86_64-debian-clang, r-devel-linux-x86_64-debian-gcc