Last updated on 2025-10-25 06:49:41 CEST.
| Flavor | Version | Tinstall | Tcheck | Ttotal | Status | Flags |
|---|---|---|---|---|---|---|
| r-devel-linux-x86_64-debian-clang | 1.6.0 | 53.85 | 355.45 | 409.30 | OK | |
| r-devel-linux-x86_64-debian-gcc | 1.6.0 | 33.79 | 223.51 | 257.30 | OK | |
| r-devel-linux-x86_64-fedora-clang | 1.6.0 | 150.00 | 523.09 | 673.09 | OK | |
| r-devel-linux-x86_64-fedora-gcc | 1.6.0 | 114.00 | 525.25 | 639.25 | OK | |
| r-devel-windows-x86_64 | 1.6.0 | 54.00 | 296.00 | 350.00 | OK | |
| r-patched-linux-x86_64 | 1.6.0 | 49.33 | 341.21 | 390.54 | OK | |
| r-release-linux-x86_64 | 1.6.0 | 50.08 | 340.68 | 390.76 | OK | |
| r-release-macos-arm64 | 1.6.0 | 19.00 | 124.00 | 143.00 | OK | |
| r-release-macos-x86_64 | 1.6.0 | 39.00 | 311.00 | 350.00 | OK | |
| r-release-windows-x86_64 | 1.6.0 | 55.00 | 296.00 | 351.00 | OK | |
| r-oldrel-macos-arm64 | 1.6.0 | 22.00 | 126.00 | 148.00 | NOTE | |
| r-oldrel-macos-x86_64 | 1.6.0 | 50.00 | 283.00 | 333.00 | NOTE | |
| r-oldrel-windows-x86_64 | 1.6.0 | 71.00 | 418.00 | 489.00 | NOTE |
Version: 1.6.0
Check: installed package size
Result: NOTE
installed size is 6.6Mb
sub-directories of 1Mb or more:
doc 1.3Mb
extdata 3.4Mb
libs 1.5Mb
Flavors: r-oldrel-macos-arm64, r-oldrel-macos-x86_64, r-oldrel-windows-x86_64