Last updated on 2025-10-24 11:50:47 CEST.
| Flavor | Version | Tinstall | Tcheck | Ttotal | Status | Flags |
|---|---|---|---|---|---|---|
| r-devel-linux-x86_64-debian-clang | 1.1.2 | 3.03 | 30.18 | 33.21 | OK | |
| r-devel-linux-x86_64-debian-gcc | 1.1.2 | 2.72 | 23.57 | 26.29 | OK | |
| r-devel-linux-x86_64-fedora-clang | 1.1.2 | 47.57 | NOTE | |||
| r-devel-linux-x86_64-fedora-gcc | 1.1.2 | 44.74 | NOTE | |||
| r-devel-windows-x86_64 | 1.1.2 | 5.00 | 46.00 | 51.00 | OK | |
| r-patched-linux-x86_64 | 1.1.2 | 3.03 | 27.70 | 30.73 | OK | |
| r-release-linux-x86_64 | 1.1.2 | 2.26 | 27.27 | 29.53 | OK | |
| r-release-macos-arm64 | 1.1.2 | 2.00 | 21.00 | 23.00 | OK | |
| r-release-macos-x86_64 | 1.1.2 | 4.00 | 34.00 | 38.00 | OK | |
| r-release-windows-x86_64 | 1.1.2 | 5.00 | 47.00 | 52.00 | OK | |
| r-oldrel-macos-arm64 | 1.1.2 | 2.00 | 14.00 | 16.00 | OK | |
| r-oldrel-macos-x86_64 | 1.1.2 | 4.00 | 33.00 | 37.00 | OK | |
| r-oldrel-windows-x86_64 | 1.1.2 | 6.00 | 55.00 | 61.00 | OK |
Version: 1.1.2
Check: dependencies in R code
Result: NOTE
Namespace in Imports field not imported from: ‘purrr’
All declared Imports should be used.
Flavors: r-devel-linux-x86_64-fedora-clang, r-devel-linux-x86_64-fedora-gcc