Last updated on 2025-10-21 17:49:49 CEST.
Flavor | Version | Tinstall | Tcheck | Ttotal | Status | Flags |
---|---|---|---|---|---|---|
r-devel-linux-x86_64-debian-clang | 0.38.3 | 11.30 | 135.99 | 147.29 | WARN | |
r-devel-linux-x86_64-debian-gcc | 0.38.3 | 6.93 | 108.78 | 115.71 | WARN | |
r-devel-linux-x86_64-fedora-clang | 0.38.3 | 31.00 | 192.20 | 223.20 | WARN | |
r-devel-linux-x86_64-fedora-gcc | 0.38.3 | 23.00 | 198.11 | 221.11 | WARN | |
r-devel-windows-x86_64 | 0.38.3 | 13.00 | 131.00 | 144.00 | WARN | |
r-patched-linux-x86_64 | 0.38.3 | 11.56 | 127.64 | 139.20 | WARN | |
r-release-linux-x86_64 | 0.38.3 | 11.47 | 127.12 | 138.59 | WARN | |
r-release-macos-arm64 | 0.38.3 | 5.00 | 66.00 | 71.00 | OK | |
r-release-macos-x86_64 | 0.38.3 | 8.00 | 102.00 | 110.00 | OK | |
r-release-windows-x86_64 | 0.38.3 | 14.00 | 134.00 | 148.00 | WARN | |
r-oldrel-macos-arm64 | 0.38.3 | 5.00 | 68.00 | 73.00 | OK | |
r-oldrel-macos-x86_64 | 0.38.3 | 8.00 | 107.00 | 115.00 | OK | |
r-oldrel-windows-x86_64 | 0.38.3 | 16.00 | 171.00 | 187.00 | WARN |
Version: 0.38.3
Check: whether package can be installed
Result: WARN
Found the following significant warnings:
Warning: The `size` argument of `element_line()` is deprecated as of ggplot2 3.4.0.
Flavors: r-devel-linux-x86_64-debian-clang, r-devel-linux-x86_64-debian-gcc, r-devel-linux-x86_64-fedora-clang, r-devel-linux-x86_64-fedora-gcc, r-devel-windows-x86_64, r-patched-linux-x86_64, r-release-linux-x86_64, r-release-windows-x86_64, r-oldrel-windows-x86_64
Version: 0.38.3
Check: HTML version of manual
Result: NOTE
Found the following HTML validation problems:
identify_clump.clumpingResult.html:51:1 (identify_clump.clumpingResult.Rd:12): Warning: missing </ul> before </div>
identify_clump.selectionResult.html:51:1 (identify_clump.selectionResult.Rd:12): Warning: missing </ul> before </div>
plot.clumpingResult.html:59:1 (plot.clumpingResult.Rd:16): Warning: missing </ul> before </div>
plot.selectionResult.html:59:1 (plot.selectionResult.Rd:16): Warning: missing </ul> before </div>
print.clumpingResult.html:51:1 (print.clumpingResult.Rd:12): Warning: missing </ul> before </div>
print.phenotypeData.html:51:1 (print.phenotypeData.Rd:12): Warning: missing </ul> before </div>
print.screeningResult.html:51:1 (print.screeningResult.Rd:12): Warning: missing </ul> before </div>
summary.clumpingResult.html:51:1 (summary.clumpingResult.Rd:12): Warning: missing </ul> before </div>
summary.phenotypeData.html:51:1 (summary.phenotypeData.Rd:12): Warning: missing </ul> before </div>
summary.screeningResult.html:51:1 (summary.screeningResult.Rd:12): Warning: missing </ul> before </div>
summary.selectionResult.html:55:1 (summary.selectionResult.Rd:14): Warning: missing </ul> before </div>
Flavors: r-devel-linux-x86_64-debian-clang, r-devel-linux-x86_64-debian-gcc