Last updated on 2025-10-24 05:50:40 CEST.
| Flavor | Version | Tinstall | Tcheck | Ttotal | Status | Flags |
|---|---|---|---|---|---|---|
| r-devel-linux-x86_64-debian-clang | 0.1.0 | 19.00 | 31.14 | 50.14 | WARN | |
| r-devel-linux-x86_64-debian-gcc | 0.1.0 | 11.10 | 23.88 | 34.98 | WARN | |
| r-devel-linux-x86_64-fedora-clang | 0.1.0 | 60.00 | 27.33 | 87.33 | NOTE | |
| r-devel-linux-x86_64-fedora-gcc | 0.1.0 | 39.00 | 35.01 | 74.01 | NOTE | |
| r-devel-windows-x86_64 | 0.1.0 | 23.00 | 68.00 | 91.00 | NOTE | |
| r-patched-linux-x86_64 | 0.1.0 | 16.41 | 28.79 | 45.20 | NOTE | |
| r-release-linux-x86_64 | 0.1.0 | 16.44 | 29.13 | 45.57 | NOTE | |
| r-release-macos-arm64 | 0.1.0 | 8.00 | 19.00 | 27.00 | NOTE | |
| r-release-macos-x86_64 | 0.1.0 | 13.00 | 29.00 | 42.00 | NOTE | |
| r-release-windows-x86_64 | 0.1.0 | 23.00 | 68.00 | 91.00 | NOTE | |
| r-oldrel-macos-arm64 | 0.1.0 | 8.00 | 17.00 | 25.00 | NOTE | |
| r-oldrel-macos-x86_64 | 0.1.0 | 11.00 | 26.00 | 37.00 | NOTE | |
| r-oldrel-windows-x86_64 | 0.1.0 | 29.00 | 81.00 | 110.00 | NOTE |
Version: 0.1.0
Check: whether package can be installed
Result: WARN
Found the following significant warnings:
/home/hornik/tmp/R.check/r-devel-clang/Work/build/Packages/RcppArmadillo/include/RcppArmadillo/version/arma.h:66:17: warning: Using fallback compilation with Armadillo 14.6.3. Please consider defining -DARMA_USE_CURRENT and also removing C++11 compilation directive. See GitHub issue #475 for more. [-W#pragma-messages]
See ‘/home/hornik/tmp/R.check/r-devel-clang/Work/PKGS/geoFourierFDA.Rcheck/00install.out’ for details.
* used C++ compiler: ‘Debian clang version 19.1.7 (7)’
Flavor: r-devel-linux-x86_64-debian-clang
Version: 0.1.0
Check: C++ specification
Result: NOTE
Specified C++11: please drop specification unless essential
Flavors: r-devel-linux-x86_64-debian-clang, r-devel-linux-x86_64-debian-gcc, r-devel-linux-x86_64-fedora-clang, r-devel-linux-x86_64-fedora-gcc, r-devel-windows-x86_64, r-patched-linux-x86_64, r-release-linux-x86_64, r-release-macos-arm64, r-release-macos-x86_64, r-release-windows-x86_64, r-oldrel-macos-arm64, r-oldrel-macos-x86_64, r-oldrel-windows-x86_64
Version: 0.1.0
Check: whether package can be installed
Result: WARN
Found the following significant warnings:
/home/hornik/tmp/R.check/r-devel-gcc/Work/build/Packages/RcppArmadillo/include/RcppArmadillo/version/arma.h:66:199: note: ‘#pragma message: Using fallback compilation with Armadillo 14.6.3. Please consider defining -DARMA_USE_CURRENT and also removing C++11 compilation directive. See GitHub issue #475 for more.’
See ‘/home/hornik/tmp/R.check/r-devel-gcc/Work/PKGS/geoFourierFDA.Rcheck/00install.out’ for details.
* used C++ compiler: ‘g++-15 (Debian 15.2.0-4) 15.2.0’
Flavor: r-devel-linux-x86_64-debian-gcc