Last updated on 2025-10-21 11:53:24 CEST.
Flavor | Version | Tinstall | Tcheck | Ttotal | Status | Flags |
---|---|---|---|---|---|---|
r-devel-linux-x86_64-debian-clang | 0.2.4 | 8.99 | 317.24 | 326.23 | NOTE | |
r-devel-linux-x86_64-debian-gcc | 0.2.4 | 7.38 | 209.10 | 216.48 | NOTE | |
r-devel-linux-x86_64-fedora-clang | 0.2.4 | 528.09 | OK | |||
r-devel-linux-x86_64-fedora-gcc | 0.2.4 | 20.00 | 485.32 | 505.32 | OK | |
r-devel-windows-x86_64 | 0.2.4 | 13.00 | 256.00 | 269.00 | OK | |
r-patched-linux-x86_64 | 0.2.4 | 8.40 | 301.35 | 309.75 | OK | |
r-release-linux-x86_64 | 0.2.4 | 9.03 | 301.39 | 310.42 | OK | |
r-release-macos-arm64 | 0.2.4 | 146.00 | OK | |||
r-release-macos-x86_64 | 0.2.4 | 24.00 | 289.00 | 313.00 | OK | |
r-release-windows-x86_64 | 0.2.4 | 16.00 | 259.00 | 275.00 | OK | |
r-oldrel-macos-arm64 | 0.2.4 | 145.00 | OK | |||
r-oldrel-macos-x86_64 | 0.2.4 | 316.00 | OK | |||
r-oldrel-windows-x86_64 | 0.2.4 | 17.00 | 376.00 | 393.00 | OK |
Version: 0.2.4
Check: HTML version of manual
Result: NOTE
Found the following HTML validation problems:
attach_spdf.html:50:1 (attach_spdf.Rd:12): Warning: missing </ul> before </div>
get_geofacet_grob.html:46:1 (get_geofacet_grob.Rd:10): Warning: missing </ul> before </div>
plot.facet_geo.html:51:1 (plot.facet_geo.Rd:12): Warning: missing </ul> before </div>
print.facet_geo.html:59:1 (print.facet_geo.Rd:16): Warning: missing </ul> before </div>
Flavors: r-devel-linux-x86_64-debian-clang, r-devel-linux-x86_64-debian-gcc