Last updated on 2025-10-21 11:53:24 CEST.
Flavor | Version | Tinstall | Tcheck | Ttotal | Status | Flags |
---|---|---|---|---|---|---|
r-devel-linux-x86_64-debian-clang | 0.1.2 | 22.00 | 71.83 | 93.83 | NOTE | |
r-devel-linux-x86_64-debian-gcc | 0.1.2 | 12.41 | 53.61 | 66.02 | NOTE | |
r-devel-linux-x86_64-fedora-clang | 0.1.2 | 156.02 | OK | |||
r-devel-linux-x86_64-fedora-gcc | 0.1.2 | 43.00 | 101.49 | 144.49 | OK | |
r-devel-windows-x86_64 | 0.1.2 | 27.00 | 95.00 | 122.00 | OK | |
r-patched-linux-x86_64 | 0.1.2 | 17.64 | 69.26 | 86.90 | OK | |
r-release-linux-x86_64 | 0.1.2 | 18.78 | 69.26 | 88.04 | OK | |
r-release-macos-arm64 | 0.1.2 | 48.00 | OK | |||
r-release-macos-x86_64 | 0.1.2 | 15.00 | 105.00 | 120.00 | OK | |
r-release-windows-x86_64 | 0.1.2 | 27.00 | 98.00 | 125.00 | OK | |
r-oldrel-macos-arm64 | 0.1.2 | 39.00 | OK | |||
r-oldrel-macos-x86_64 | 0.1.2 | 68.00 | OK | |||
r-oldrel-windows-x86_64 | 0.1.2 | 31.00 | 131.00 | 162.00 | OK |
Version: 0.1.2
Check: HTML version of manual
Result: NOTE
Found the following HTML validation problems:
calculate_cell_size.html:80:1 (calculate_cell_size.Rd:33): Warning: missing </ul> before </div>
get_shape_details.html:49:1 (get_shape_details.Rd:11): Warning: missing </ul> before </div>
get_shape_details_internal.html:49:1 (get_shape_details_internal.Rd:11): Warning: missing </ul> before </div>
hungarian_cc.html:46:1 (hungarian_cc.Rd:10): Warning: missing </ul> before </div>
hungariansafe_cc.html:46:1 (hungariansafe_cc.Rd:10): Warning: missing </ul> before </div>
plot.geogrid.html:55:1 (plot.geogrid.Rd:14): Warning: missing </ul> before </div>
read_polygons.html:49:1 (read_polygons.Rd:12): Warning: missing </ul> before </div>
Flavors: r-devel-linux-x86_64-debian-clang, r-devel-linux-x86_64-debian-gcc