Last updated on 2025-10-22 11:51:09 CEST.
Flavor | Version | Tinstall | Tcheck | Ttotal | Status | Flags |
---|---|---|---|---|---|---|
r-devel-linux-x86_64-debian-clang | 0.5.2 | 25.61 | 56.60 | 82.21 | NOTE | |
r-devel-linux-x86_64-debian-gcc | 0.5.2 | 21.68 | 44.95 | 66.63 | NOTE | |
r-devel-linux-x86_64-fedora-clang | 0.5.2 | 80.00 | 59.37 | 139.37 | OK | |
r-devel-linux-x86_64-fedora-gcc | 0.5.2 | 68.00 | 82.51 | 150.51 | OK | |
r-devel-windows-x86_64 | 0.5.2 | 46.00 | 103.00 | 149.00 | OK | |
r-patched-linux-x86_64 | 0.5.2 | 31.30 | 54.86 | 86.16 | OK | |
r-release-linux-x86_64 | 0.5.2 | 29.67 | 54.36 | 84.03 | OK | |
r-release-macos-arm64 | 0.5.2 | 14.00 | 40.00 | 54.00 | OK | |
r-release-macos-x86_64 | 0.5.2 | 12.00 | 64.00 | 76.00 | OK | |
r-release-windows-x86_64 | 0.5.2 | 47.00 | 103.00 | 150.00 | OK | |
r-oldrel-macos-arm64 | 0.5.2 | 13.00 | 34.00 | 47.00 | OK | |
r-oldrel-macos-x86_64 | 0.5.2 | 24.00 | 117.00 | 141.00 | OK | |
r-oldrel-windows-x86_64 | 0.5.2 | 58.00 | 124.00 | 182.00 | OK |
Version: 0.5.2
Check: HTML version of manual
Result: NOTE
Found the following HTML validation problems:
feasible.point.html:58:1 (feasible.point.Rd:15): Warning: missing </ul> before </div>
Flavors: r-devel-linux-x86_64-debian-clang, r-devel-linux-x86_64-debian-gcc