Last updated on 2024-05-26 21:49:16 CEST.
Flavor | Version | Tinstall | Tcheck | Ttotal | Status | Flags |
---|---|---|---|---|---|---|
r-devel-linux-x86_64-debian-clang | 0.4.7 | 42.19 | 66.10 | 108.29 | NOTE | |
r-devel-linux-x86_64-debian-gcc | 0.4.7 | 31.15 | 50.01 | 81.16 | NOTE | |
r-devel-linux-x86_64-fedora-clang | 0.4.7 | 142.39 | NOTE | |||
r-devel-linux-x86_64-fedora-gcc | 0.4.7 | 154.94 | NOTE | |||
r-devel-windows-x86_64 | 0.4.7 | 44.00 | 102.00 | 146.00 | NOTE | |
r-patched-linux-x86_64 | 0.4.7 | 38.96 | 63.79 | 102.75 | NOTE | |
r-release-linux-x86_64 | 0.4.7 | 40.79 | 64.16 | 104.95 | NOTE | |
r-release-macos-arm64 | 0.4.7 | 44.00 | OK | |||
r-release-windows-x86_64 | 0.4.7 | 45.00 | 102.00 | 147.00 | NOTE | |
r-oldrel-macos-arm64 | 0.4.7 | 49.00 | OK | |||
r-oldrel-macos-x86_64 | 0.4.7 | 79.00 | OK | |||
r-oldrel-windows-x86_64 | 0.4.7 | 52.00 | 111.00 | 163.00 | OK |
Version: 0.4.7
Check: HTML version of manual
Result: NOTE
Found the following HTML validation problems:
extprod3d.html:24:32 (extprod3d.Rd:24): Warning: trimming empty <code>
extprod3d.html:29:32 (extprod3d.Rd:27): Warning: trimming empty <code>
Flavors: r-devel-linux-x86_64-debian-clang, r-devel-linux-x86_64-debian-gcc, r-devel-linux-x86_64-fedora-clang, r-devel-linux-x86_64-fedora-gcc, r-devel-windows-x86_64, r-patched-linux-x86_64, r-release-linux-x86_64, r-release-windows-x86_64