Last updated on 2024-05-26 21:49:16 CEST.
Flavor | Version | Tinstall | Tcheck | Ttotal | Status | Flags |
---|---|---|---|---|---|---|
r-devel-linux-x86_64-debian-clang | 2.0.6 | 44.85 | 718.30 | 763.15 | NOTE | |
r-devel-linux-x86_64-debian-gcc | 2.0.6 | 37.99 | 516.20 | 554.19 | NOTE | |
r-devel-linux-x86_64-fedora-clang | 2.0.6 | 912.77 | NOTE | |||
r-devel-linux-x86_64-fedora-gcc | 2.0.6 | 1272.24 | NOTE | |||
r-devel-windows-x86_64 | 2.0.6 | 40.00 | 446.00 | 486.00 | NOTE | |
r-patched-linux-x86_64 | 2.0.6 | 41.78 | 714.45 | 756.23 | NOTE | |
r-release-linux-x86_64 | 2.0.6 | 44.25 | 718.74 | 762.99 | NOTE | |
r-release-macos-arm64 | 2.0.6 | 253.00 | NOTE | |||
r-release-macos-x86_64 | 2.0.6 | 751.00 | NOTE | |||
r-release-windows-x86_64 | 2.0.6 | 40.00 | 456.00 | 496.00 | NOTE | |
r-oldrel-macos-arm64 | 2.0.6 | 256.00 | NOTE | |||
r-oldrel-macos-x86_64 | 2.0.6 | 649.00 | NOTE | |||
r-oldrel-windows-x86_64 | 2.0.6 | 51.00 | 578.00 | 629.00 | NOTE |
Version: 2.0.6
Check: package dependencies
Result: NOTE
Package suggested but not available for checking: ‘RandomFields’
Package which this enhances but not available for checking: ‘INLA’
Flavors: r-devel-linux-x86_64-debian-clang, r-devel-linux-x86_64-debian-gcc, r-patched-linux-x86_64, r-release-linux-x86_64, r-release-macos-arm64, r-release-macos-x86_64, r-oldrel-macos-arm64, r-oldrel-macos-x86_64, r-oldrel-windows-x86_64
Version: 2.0.6
Check: package dependencies
Result: NOTE
Package suggested but not available for checking: ‘RandomFields’
Flavors: r-devel-linux-x86_64-fedora-clang, r-devel-linux-x86_64-fedora-gcc, r-devel-windows-x86_64, r-release-windows-x86_64
Version: 2.0.6
Check: data for non-ASCII characters
Result: NOTE
Note: found 4 marked UTF-8 strings
Flavors: r-devel-linux-x86_64-fedora-clang, r-devel-linux-x86_64-fedora-gcc