Last updated on 2025-10-24 11:50:47 CEST.
| Flavor | Version | Tinstall | Tcheck | Ttotal | Status | Flags |
|---|---|---|---|---|---|---|
| r-devel-linux-x86_64-debian-clang | 0.2.2 | 3.02 | 158.17 | 161.19 | NOTE | |
| r-devel-linux-x86_64-debian-gcc | 0.2.2 | 2.61 | 106.20 | 108.81 | NOTE | |
| r-devel-linux-x86_64-fedora-clang | 0.2.2 | 255.60 | OK | |||
| r-devel-linux-x86_64-fedora-gcc | 0.2.2 | 244.90 | OK | |||
| r-devel-windows-x86_64 | 0.2.2 | 5.00 | 159.00 | 164.00 | OK | |
| r-patched-linux-x86_64 | 0.2.2 | 3.22 | 149.39 | 152.61 | OK | |
| r-release-linux-x86_64 | 0.2.2 | 2.84 | 148.26 | 151.10 | OK | |
| r-release-macos-arm64 | 0.2.2 | 2.00 | 115.00 | 117.00 | OK | |
| r-release-macos-x86_64 | 0.2.2 | 2.00 | 158.00 | 160.00 | OK | |
| r-release-windows-x86_64 | 0.2.2 | 6.00 | 159.00 | 165.00 | OK | |
| r-oldrel-macos-arm64 | 0.2.2 | 1.00 | 70.00 | 71.00 | OK | |
| r-oldrel-macos-x86_64 | 0.2.2 | 2.00 | 115.00 | 117.00 | OK | |
| r-oldrel-windows-x86_64 | 0.2.2 | 7.00 | 209.00 | 216.00 | OK |
Version: 0.2.2
Check: CRAN incoming feasibility
Result: NOTE
Maintainer: ‘Lerato E Magosi <magosil86@gmail.com>’
Package CITATION file contains call(s) to old-style personList() or
as.personList(). Please use c() on person objects instead.
Package CITATION file contains call(s) to old-style citEntry(). Please
use bibentry() instead.
Flavors: r-devel-linux-x86_64-debian-clang, r-devel-linux-x86_64-debian-gcc