Last updated on 2025-10-21 23:50:55 CEST.
Flavor | Version | Tinstall | Tcheck | Ttotal | Status | Flags |
---|---|---|---|---|---|---|
r-devel-linux-x86_64-debian-clang | 0.1.1 | 8.07 | 106.95 | 115.02 | NOTE | |
r-devel-linux-x86_64-debian-gcc | 0.1.1 | 5.57 | 77.20 | 82.77 | NOTE | |
r-devel-linux-x86_64-fedora-clang | 0.1.1 | 22.00 | 156.03 | 178.03 | OK | |
r-devel-linux-x86_64-fedora-gcc | 0.1.1 | 18.00 | 164.12 | 182.12 | OK | |
r-devel-windows-x86_64 | 0.1.1 | 9.00 | 105.00 | 114.00 | OK | |
r-patched-linux-x86_64 | 0.1.1 | 8.43 | 102.91 | 111.34 | OK | |
r-release-linux-x86_64 | 0.1.1 | 7.95 | 101.86 | 109.81 | OK | |
r-release-macos-arm64 | 0.1.1 | 4.00 | 55.00 | 59.00 | OK | |
r-release-macos-x86_64 | 0.1.1 | 6.00 | 95.00 | 101.00 | OK | |
r-release-windows-x86_64 | 0.1.1 | 11.00 | 108.00 | 119.00 | OK | |
r-oldrel-macos-arm64 | 0.1.1 | 3.00 | 51.00 | 54.00 | OK | |
r-oldrel-macos-x86_64 | 0.1.1 | 9.00 | 75.00 | 84.00 | OK | |
r-oldrel-windows-x86_64 | 0.1.1 | 13.00 | 146.00 | 159.00 | OK |
Version: 0.1.1
Check: CRAN incoming feasibility
Result: NOTE
Maintainer: ‘Tino Werner <tino.werner1@uni-oldenburg.de>’
Package CITATION file contains call(s) to old-style personList() or
as.personList(). Please use c() on person objects instead.
Package CITATION file contains call(s) to old-style citEntry(). Please
use bibentry() instead.
Flavors: r-devel-linux-x86_64-debian-clang, r-devel-linux-x86_64-debian-gcc