Last updated on 2025-10-21 23:50:55 CEST.
Flavor | Version | Tinstall | Tcheck | Ttotal | Status | Flags |
---|---|---|---|---|---|---|
r-devel-linux-x86_64-debian-clang | 1.0.1 | 27.06 | 32.74 | 59.80 | NOTE | |
r-devel-linux-x86_64-debian-gcc | 1.0.1 | 17.60 | 26.14 | 43.74 | NOTE | |
r-devel-linux-x86_64-fedora-clang | 1.0.1 | 60.00 | 39.40 | 99.40 | OK | |
r-devel-linux-x86_64-fedora-gcc | 1.0.1 | 55.00 | 54.21 | 109.21 | OK | |
r-devel-windows-x86_64 | 1.0.1 | 33.00 | 123.00 | 156.00 | OK | |
r-patched-linux-x86_64 | 1.0.1 | 28.01 | 31.48 | 59.49 | OK | |
r-release-linux-x86_64 | 1.0.1 | 27.79 | 31.14 | 58.93 | OK | |
r-release-macos-arm64 | 1.0.1 | 13.00 | 55.00 | 68.00 | OK | |
r-release-macos-x86_64 | 1.0.1 | 17.00 | 95.00 | 112.00 | OK | |
r-release-windows-x86_64 | 1.0.1 | 34.00 | 129.00 | 163.00 | OK | |
r-oldrel-macos-arm64 | 1.0.1 | 11.00 | 52.00 | 63.00 | OK | |
r-oldrel-macos-x86_64 | 1.0.1 | 14.00 | 77.00 | 91.00 | OK | |
r-oldrel-windows-x86_64 | 1.0.1 | 38.00 | 164.00 | 202.00 | OK |
Version: 1.0.1
Check: HTML version of manual
Result: NOTE
Found the following HTML validation problems:
GPareto.html:81:1 (GPareto.Rd:34): Warning: missing </ul> before </div>
Flavors: r-devel-linux-x86_64-debian-clang, r-devel-linux-x86_64-debian-gcc